CRAN Package Check Results for Package mosaicCalc

Last updated on 2025-05-08 04:52:11 CEST.

Flavor Version Tinstall Tcheck Ttotal Status Flags
r-devel-linux-x86_64-debian-clang 0.6.4 16.74 172.81 189.55 NOTE
r-devel-linux-x86_64-debian-gcc 0.6.4 10.22 123.11 133.33 NOTE
r-devel-linux-x86_64-fedora-clang 0.6.4 321.14 OK
r-devel-linux-x86_64-fedora-gcc 0.6.4 322.98 OK
r-devel-windows-x86_64 0.6.4 19.00 177.00 196.00 OK
r-patched-linux-x86_64 0.6.4 13.92 164.82 178.74 OK
r-release-linux-x86_64 0.6.4 15.38 165.56 180.94 OK
r-release-macos-arm64 0.6.4 83.00 OK
r-release-macos-x86_64 0.6.4 163.00 OK
r-release-windows-x86_64 0.6.4 19.00 172.00 191.00 OK
r-oldrel-macos-arm64 0.6.4 64.00 OK
r-oldrel-macos-x86_64 0.6.4 120.00 OK
r-oldrel-windows-x86_64 0.6.4 25.00 229.00 254.00 OK

Check Details

Version: 0.6.4
Check: CRAN incoming feasibility
Result: NOTE Maintainer: ‘Daniel Kaplan <kaplan@macalester.edu>’ No Authors@R field in DESCRIPTION. Please add one, modifying Authors@R: c(person(given = c("Daniel", "T."), family = "Kaplan", role = "aut", email = "kaplan@macalester.edu"), person(given = "Randall", family = "Pruim", role = "aut", email = "rpruim@calvin.edu"), person(given = c("Nicholas", "J."), family = "Horton", role = "aut", email = "nhorton@amherst.edu"), person(given = "Daniel", family = "Kaplan", role = "cre", email = "kaplan@macalester.edu")) as necessary. Flavors: r-devel-linux-x86_64-debian-clang, r-devel-linux-x86_64-debian-gcc

These binaries (installable software) and packages are in development.
They may not be fully stable and should be used with caution. We make no claims about them.