CRAN Package Check Results for Package mosaicCore

Last updated on 2025-10-23 17:50:54 CEST.

Flavor Version Tinstall Tcheck Ttotal Status Flags
r-devel-linux-x86_64-debian-clang 0.9.5 6.15 62.29 68.44 NOTE
r-devel-linux-x86_64-debian-gcc 0.9.5 3.97 44.75 48.72 OK
r-devel-linux-x86_64-fedora-clang 0.9.5 31.00 83.30 114.30 OK
r-devel-linux-x86_64-fedora-gcc 0.9.5 33.00 74.35 107.35 OK
r-devel-windows-x86_64 0.9.5 7.00 82.00 89.00 OK
r-patched-linux-x86_64 0.9.5 6.89 59.24 66.13 OK
r-release-linux-x86_64 0.9.5 5.99 59.17 65.16 OK
r-release-macos-arm64 0.9.5 2.00 28.00 30.00 OK
r-release-macos-x86_64 0.9.5 5.00 51.00 56.00 OK
r-release-windows-x86_64 0.9.5 9.00 82.00 91.00 OK
r-oldrel-macos-arm64 0.9.5 2.00 32.00 34.00 OK
r-oldrel-macos-x86_64 0.9.5 5.00 55.00 60.00 OK
r-oldrel-windows-x86_64 0.9.5 10.00 101.00 111.00 OK

Check Details

Version: 0.9.5
Check: HTML version of manual
Result: NOTE Found the following HTML validation problems: mosaic_tally.html:53:1 (mosaic_tally.Rd:15): Warning: missing </ul> before </div> na.warn.html:52:1 (na.warn.Rd:12): Warning: missing </ul> before </div> Flavor: r-devel-linux-x86_64-debian-clang

These binaries (installable software) and packages are in development.
They may not be fully stable and should be used with caution. We make no claims about them.