CRAN Package Check Results for Package mosaicData

Last updated on 2025-05-01 14:49:15 CEST.

Flavor Version Tinstall Tcheck Ttotal Status Flags
r-devel-linux-x86_64-debian-clang 0.20.4 2.88 36.31 39.19 NOTE
r-devel-linux-x86_64-debian-gcc 0.20.4 2.10 27.66 29.76 NOTE
r-devel-linux-x86_64-fedora-clang 0.20.4 57.30 OK
r-devel-linux-x86_64-fedora-gcc 0.20.4 58.14 OK
r-devel-windows-x86_64 0.20.4 5.00 67.00 72.00 OK
r-patched-linux-x86_64 0.20.4 3.58 33.23 36.81 OK
r-release-linux-x86_64 OK
r-release-macos-arm64 0.20.4 26.00 OK
r-release-macos-x86_64 0.20.4 39.00 OK
r-release-windows-x86_64 0.20.4 4.00 69.00 73.00 OK
r-oldrel-macos-arm64 0.20.4 25.00 OK
r-oldrel-macos-x86_64 0.20.4 31.00 OK
r-oldrel-windows-x86_64 0.20.4 4.00 76.00 80.00 OK

Check Details

Version: 0.20.4
Check: CRAN incoming feasibility
Result: NOTE Maintainer: ‘Randall Pruim <rpruim@calvin.edu>’ No Authors@R field in DESCRIPTION. Please add one, modifying Authors@R: c(person(given = "Randall", family = "Pruim", role = c("aut", "cre"), email = "rpruim@calvin.edu"), person(given = "Daniel", family = "Kaplan", role = "aut", email = "kaplan@macalester.edu"), person(given = "Nicholas", family = "Horton", role = "aut", email = "nhorton@amherst.edu")) as necessary. Flavors: r-devel-linux-x86_64-debian-clang, r-devel-linux-x86_64-debian-gcc

Version: 0.20.4
Check: examples
Result: NOTE Examples with CPU (user + system) or elapsed time > 5s user system elapsed Birthdays 3.603 0.213 5.591 Flavor: r-devel-linux-x86_64-debian-clang

These binaries (installable software) and packages are in development.
They may not be fully stable and should be used with caution. We make no claims about them.