Last updated on 2025-02-16 08:50:55 CET.
Flavor | Version | Tinstall | Tcheck | Ttotal | Status | Flags |
---|---|---|---|---|---|---|
r-devel-linux-x86_64-debian-clang | 0.3.0 | 7.41 | 77.54 | 84.95 | NOTE | |
r-devel-linux-x86_64-debian-gcc | 0.3.0 | 5.06 | 56.76 | 61.82 | NOTE | |
r-devel-linux-x86_64-fedora-clang | 0.3.0 | 137.03 | NOTE | |||
r-devel-linux-x86_64-fedora-gcc | 0.3.0 | 140.87 | NOTE | |||
r-devel-macos-arm64 | 0.3.0 | 57.00 | NOTE | |||
r-devel-macos-x86_64 | 0.3.0 | 109.00 | NOTE | |||
r-devel-windows-x86_64 | 0.3.0 | 9.00 | 98.00 | 107.00 | NOTE | |
r-patched-linux-x86_64 | 0.3.0 | 7.72 | 72.44 | 80.16 | NOTE | |
r-release-linux-x86_64 | 0.3.0 | 5.82 | 73.24 | 79.06 | NOTE | |
r-release-macos-arm64 | 0.3.0 | 52.00 | NOTE | |||
r-release-macos-x86_64 | 0.3.0 | 86.00 | NOTE | |||
r-release-windows-x86_64 | 0.3.0 | 10.00 | 102.00 | 112.00 | NOTE | |
r-oldrel-macos-arm64 | 0.3.0 | 50.00 | OK | |||
r-oldrel-macos-x86_64 | 0.3.0 | 75.00 | OK | |||
r-oldrel-windows-x86_64 | 0.3.0 | 12.00 | 121.00 | 133.00 | OK |
Version: 0.3.0
Check: Rd files
Result: NOTE
checkRd: (-1) AARP.Rd:9: Lost braces in \itemize; meant \describe ?
checkRd: (-1) AARP.Rd:10: Lost braces in \itemize; meant \describe ?
checkRd: (-1) AARP.Rd:11: Lost braces in \itemize; meant \describe ?
checkRd: (-1) AARP.Rd:12: Lost braces in \itemize; meant \describe ?
checkRd: (-1) Birth_weight.Rd:9: Lost braces in \itemize; meant \describe ?
checkRd: (-1) Birth_weight.Rd:10: Lost braces in \itemize; meant \describe ?
checkRd: (-1) Birth_weight.Rd:11: Lost braces in \itemize; meant \describe ?
checkRd: (-1) Birth_weight.Rd:12: Lost braces in \itemize; meant \describe ?
checkRd: (-1) Birth_weight.Rd:13: Lost braces in \itemize; meant \describe ?
checkRd: (-1) College_grades.Rd:9: Lost braces in \itemize; meant \describe ?
checkRd: (-1) College_grades.Rd:10-11: Lost braces in \itemize; meant \describe ?
checkRd: (-1) College_grades.Rd:12: Lost braces in \itemize; meant \describe ?
checkRd: (-1) College_grades.Rd:13-14: Lost braces in \itemize; meant \describe ?
checkRd: (-1) College_grades.Rd:15-16: Lost braces in \itemize; meant \describe ?
checkRd: (-1) College_grades.Rd:17: Lost braces in \itemize; meant \describe ?
checkRd: (-1) College_grades.Rd:18-20: Lost braces in \itemize; meant \describe ?
checkRd: (-1) Crime.Rd:9: Lost braces in \itemize; meant \describe ?
checkRd: (-1) Crime.Rd:10: Lost braces in \itemize; meant \describe ?
checkRd: (-1) Crime.Rd:11: Lost braces in \itemize; meant \describe ?
checkRd: (-1) Crime.Rd:12: Lost braces in \itemize; meant \describe ?
checkRd: (-1) Crime.Rd:13: Lost braces in \itemize; meant \describe ?
checkRd: (-1) Crime.Rd:14: Lost braces in \itemize; meant \describe ?
checkRd: (-1) Crime.Rd:15: Lost braces in \itemize; meant \describe ?
checkRd: (-1) Mussels.Rd:9: Lost braces in \itemize; meant \describe ?
checkRd: (-1) Mussels.Rd:10: Lost braces in \itemize; meant \describe ?
checkRd: (-1) Mussels.Rd:11: Lost braces in \itemize; meant \describe ?
checkRd: (-1) Mussels.Rd:12: Lost braces in \itemize; meant \describe ?
checkRd: (-1) Mussels.Rd:13: Lost braces in \itemize; meant \describe ?
checkRd: (-1) Mussels.Rd:14: Lost braces in \itemize; meant \describe ?
checkRd: (-1) Mussels.Rd:15: Lost braces in \itemize; meant \describe ?
checkRd: (-1) Mussels.Rd:16: Lost braces in \itemize; meant \describe ?
checkRd: (-1) Mussels.Rd:17: Lost braces in \itemize; meant \describe ?
checkRd: (-1) Mussels.Rd:18: Lost braces in \itemize; meant \describe ?
checkRd: (-1) Mussels.Rd:19: Lost braces in \itemize; meant \describe ?
checkRd: (-1) Oil_history.Rd:9: Lost braces in \itemize; meant \describe ?
checkRd: (-1) Oil_history.Rd:10: Lost braces in \itemize; meant \describe ?
checkRd: (-1) Runners.Rd:9: Lost braces in \itemize; meant \describe ?
checkRd: (-1) Runners.Rd:10: Lost braces in \itemize; meant \describe ?
checkRd: (-1) Runners.Rd:11-12: Lost braces in \itemize; meant \describe ?
checkRd: (-1) Runners.Rd:13: Lost braces in \itemize; meant \describe ?
checkRd: (-1) Runners.Rd:14: Lost braces in \itemize; meant \describe ?
checkRd: (-1) Runners.Rd:15: Lost braces in \itemize; meant \describe ?
checkRd: (-1) Runners.Rd:16-17: Lost braces in \itemize; meant \describe ?
checkRd: (-1) School_data.Rd:9: Lost braces in \itemize; meant \describe ?
checkRd: (-1) School_data.Rd:10: Lost braces in \itemize; meant \describe ?
checkRd: (-1) School_data.Rd:11: Lost braces in \itemize; meant \describe ?
checkRd: (-1) School_data.Rd:12: Lost braces in \itemize; meant \describe ?
checkRd: (-1) School_data.Rd:13: Lost braces in \itemize; meant \describe ?
checkRd: (-1) School_data.Rd:14-15: Lost braces in \itemize; meant \describe ?
checkRd: (-1) Tadpoles.Rd:9: Lost braces in \itemize; meant \describe ?
checkRd: (-1) Tadpoles.Rd:10: Lost braces in \itemize; meant \describe ?
checkRd: (-1) Tadpoles.Rd:11: Lost braces in \itemize; meant \describe ?
checkRd: (-1) Tadpoles.Rd:12: Lost braces in \itemize; meant \describe ?
checkRd: (-1) Trucking_jobs.Rd:9: Lost braces in \itemize; meant \describe ?
checkRd: (-1) Trucking_jobs.Rd:10: Lost braces in \itemize; meant \describe ?
checkRd: (-1) Trucking_jobs.Rd:11: Lost braces in \itemize; meant \describe ?
checkRd: (-1) Trucking_jobs.Rd:12: Lost braces in \itemize; meant \describe ?
checkRd: (-1) Trucking_jobs.Rd:13: Lost braces in \itemize; meant \describe ?
checkRd: (-1) Used_Fords.Rd:9: Lost braces in \itemize; meant \describe ?
checkRd: (-1) Used_Fords.Rd:10: Lost braces in \itemize; meant \describe ?
checkRd: (-1) Used_Fords.Rd:11: Lost braces in \itemize; meant \describe ?
checkRd: (-1) Used_Fords.Rd:12: Lost braces in \itemize; meant \describe ?
checkRd: (-1) Used_Fords.Rd:13: Lost braces in \itemize; meant \describe ?
checkRd: (-1) Used_Fords.Rd:14: Lost braces in \itemize; meant \describe ?
Flavors: r-devel-linux-x86_64-debian-clang, r-devel-linux-x86_64-debian-gcc, r-devel-linux-x86_64-fedora-clang, r-devel-linux-x86_64-fedora-gcc, r-devel-macos-arm64, r-devel-macos-x86_64, r-devel-windows-x86_64, r-patched-linux-x86_64, r-release-linux-x86_64, r-release-macos-arm64, r-release-macos-x86_64, r-release-windows-x86_64
Version: 0.3.0
Check: dependencies in R code
Result: NOTE
Namespaces in Imports field not imported from:
‘MASS’ ‘caret’ ‘ggformula’ ‘knitr’ ‘testthat’ ‘tidyverse’
All declared Imports should be used.
Flavors: r-devel-linux-x86_64-fedora-clang, r-devel-linux-x86_64-fedora-gcc
These binaries (installable software) and packages are in development.
They may not be fully stable and should be used with caution. We make no claims about them.