CRAN Package Check Results for Package mosqcontrol

Last updated on 2025-11-12 23:50:50 CET.

Flavor Version Tinstall Tcheck Ttotal Status Flags
r-devel-linux-x86_64-debian-clang 0.1.0 4.27 35.06 39.33 OK
r-devel-linux-x86_64-debian-gcc 0.1.0 2.87 27.23 30.10 OK
r-devel-linux-x86_64-fedora-clang 0.1.0 60.84 NOTE
r-devel-linux-x86_64-fedora-gcc 0.1.0 18.00 55.10 73.10 NOTE
r-devel-windows-x86_64 0.1.0 5.00 52.00 57.00 OK
r-patched-linux-x86_64 0.1.0 4.12 32.41 36.53 OK
r-release-linux-x86_64 0.1.0 3.74 32.75 36.49 OK
r-release-macos-arm64 0.1.0 2.00 23.00 25.00 OK
r-release-macos-x86_64 0.1.0 3.00 46.00 49.00 OK
r-release-windows-x86_64 0.1.0 4.00 52.00 56.00 OK
r-oldrel-macos-arm64 0.1.0 2.00 26.00 28.00 NOTE
r-oldrel-macos-x86_64 0.1.0 3.00 35.00 38.00 NOTE
r-oldrel-windows-x86_64 0.1.0 6.00 58.00 64.00 NOTE

Check Details

Version: 0.1.0
Check: dependencies in R code
Result: NOTE Namespace in Imports field not imported from: ‘NlcOptim’ All declared Imports should be used. Flavors: r-devel-linux-x86_64-fedora-clang, r-devel-linux-x86_64-fedora-gcc

Version: 0.1.0
Check: LazyData
Result: NOTE 'LazyData' is specified without a 'data' directory Flavors: r-oldrel-macos-arm64, r-oldrel-macos-x86_64, r-oldrel-windows-x86_64

These binaries (installable software) and packages are in development.
They may not be fully stable and should be used with caution. We make no claims about them.