CRAN Package Check Results for Package motif

Last updated on 2025-05-08 04:52:11 CEST.

Flavor Version Tinstall Tcheck Ttotal Status Flags
r-devel-linux-x86_64-debian-clang 0.6.4 63.31 102.59 165.90 OK
r-devel-linux-x86_64-debian-gcc 0.6.4 42.74 73.82 116.56 OK
r-devel-linux-x86_64-fedora-clang 0.6.4 320.61 OK
r-devel-linux-x86_64-fedora-gcc 0.6.4 316.86 OK
r-devel-windows-x86_64 0.6.4 77.00 141.00 218.00 OK
r-patched-linux-x86_64 0.6.4 55.98 95.45 151.43 OK
r-release-linux-x86_64 0.6.4 61.33 95.48 156.81 OK
r-release-macos-arm64 0.6.4 104.00 OK
r-release-macos-x86_64 0.6.4 158.00 OK
r-release-windows-x86_64 0.6.4 75.00 143.00 218.00 OK
r-oldrel-macos-arm64 0.6.4 74.00 NOTE
r-oldrel-macos-x86_64 0.6.4 103.00 NOTE
r-oldrel-windows-x86_64 0.6.4 86.00 178.00 264.00 OK

Additional issues

donttest

Check Details

Version: 0.6.4
Check: installed package size
Result: NOTE installed size is 6.2Mb sub-directories of 1Mb or more: libs 3.0Mb raster 2.2Mb Flavors: r-oldrel-macos-arm64, r-oldrel-macos-x86_64

These binaries (installable software) and packages are in development.
They may not be fully stable and should be used with caution. We make no claims about them.