Last updated on 2025-10-03 05:53:40 CEST.
Flavor | Version | Tinstall | Tcheck | Ttotal | Status | Flags |
---|---|---|---|---|---|---|
r-devel-linux-x86_64-debian-clang | 0.6.5 | 61.88 | 109.83 | 171.71 | OK | |
r-devel-linux-x86_64-debian-gcc | 0.6.5 | 38.93 | 73.37 | 112.30 | OK | |
r-devel-linux-x86_64-fedora-clang | 0.6.5 | 323.35 | OK | |||
r-devel-linux-x86_64-fedora-gcc | 0.6.5 | 316.28 | OK | |||
r-devel-windows-x86_64 | 0.6.5 | 80.00 | 148.00 | 228.00 | OK | |
r-patched-linux-x86_64 | 0.6.5 | 64.20 | 101.68 | 165.88 | OK | |
r-release-linux-x86_64 | 0.6.5 | 58.01 | 101.77 | 159.78 | OK | |
r-release-macos-arm64 | 0.6.5 | 80.00 | OK | |||
r-release-macos-x86_64 | 0.6.5 | 140.00 | OK | |||
r-release-windows-x86_64 | 0.6.5 | 77.00 | 143.00 | 220.00 | OK | |
r-oldrel-macos-arm64 | 0.6.5 | 81.00 | NOTE | |||
r-oldrel-macos-x86_64 | 0.6.5 | 137.00 | NOTE | |||
r-oldrel-windows-x86_64 | 0.6.5 | 87.00 | 184.00 | 271.00 | OK |
Version: 0.6.5
Check: installed package size
Result: NOTE
installed size is 6.4Mb
sub-directories of 1Mb or more:
libs 3.1Mb
raster 2.2Mb
Flavors: r-oldrel-macos-arm64, r-oldrel-macos-x86_64
These binaries (installable software) and packages are in development.
They may not be fully stable and should be used with caution. We make no claims about them.