Last updated on 2024-07-27 15:50:26 CEST.
Flavor | Version | Tinstall | Tcheck | Ttotal | Status | Flags |
---|---|---|---|---|---|---|
r-devel-linux-x86_64-debian-clang | 0.6.4 | 84.59 | 136.73 | 221.32 | OK | |
r-devel-linux-x86_64-debian-gcc | 0.6.4 | OK | ||||
r-devel-linux-x86_64-fedora-clang | 0.6.4 | 341.30 | OK | |||
r-devel-linux-x86_64-fedora-gcc | 0.6.4 | 303.70 | OK | |||
r-devel-windows-x86_64 | 0.6.4 | 71.00 | 146.00 | 217.00 | OK | |
r-patched-linux-x86_64 | 0.6.4 | OK | ||||
r-release-linux-x86_64 | 0.6.4 | 70.44 | 125.69 | 196.13 | OK | |
r-release-macos-arm64 | 0.6.4 | 74.00 | NOTE | |||
r-release-macos-x86_64 | 0.6.4 | 103.00 | NOTE | |||
r-release-windows-x86_64 | 0.6.4 | 90.00 | 137.00 | 227.00 | OK | |
r-oldrel-macos-arm64 | 0.6.4 | 70.00 | NOTE | |||
r-oldrel-macos-x86_64 | 0.6.4 | 134.00 | NOTE | |||
r-oldrel-windows-x86_64 | 0.6.4 | 82.00 | 163.00 | 245.00 | OK |
Version: 0.6.4
Check: installed package size
Result: NOTE
installed size is 6.2Mb
sub-directories of 1Mb or more:
libs 3.0Mb
raster 2.2Mb
Flavors: r-release-macos-arm64, r-release-macos-x86_64, r-oldrel-macos-arm64, r-oldrel-macos-x86_64
These binaries (installable software) and packages are in development.
They may not be fully stable and should be used with caution. We make no claims about them.