Last updated on 2025-02-16 08:50:55 CET.
Flavor | Version | Tinstall | Tcheck | Ttotal | Status | Flags |
---|---|---|---|---|---|---|
r-devel-linux-x86_64-debian-clang | 1.0.0 | 6.75 | 86.22 | 92.97 | OK | |
r-devel-linux-x86_64-debian-gcc | 1.0.0 | 4.88 | 64.30 | 69.18 | OK | |
r-devel-linux-x86_64-fedora-clang | 1.0.0 | 148.60 | OK | |||
r-devel-linux-x86_64-fedora-gcc | 1.0.0 | 152.79 | OK | |||
r-devel-macos-arm64 | 1.0.0 | 52.00 | OK | |||
r-devel-macos-x86_64 | 1.0.0 | 97.00 | OK | |||
r-devel-windows-x86_64 | 1.0.0 | 8.00 | 136.00 | 144.00 | OK | |
r-patched-linux-x86_64 | 1.0.0 | 5.94 | 79.08 | 85.02 | OK | |
r-release-linux-x86_64 | 1.0.0 | 6.02 | 80.60 | 86.62 | OK | |
r-release-macos-arm64 | 1.0.0 | 51.00 | OK | |||
r-release-macos-x86_64 | 1.0.0 | 70.00 | OK | |||
r-release-windows-x86_64 | 1.0.0 | 8.00 | 135.00 | 143.00 | OK | |
r-oldrel-macos-arm64 | 1.0.0 | 55.00 | OK | |||
r-oldrel-macos-x86_64 | 1.0.0 | 73.00 | NOTE | |||
r-oldrel-windows-x86_64 | 1.0.0 | 12.00 | 167.00 | 179.00 | OK |
Version: 1.0.0
Check: package dependencies
Result: NOTE
Package suggested but not available for checking: ‘ergm’
Flavor: r-oldrel-macos-x86_64
These binaries (installable software) and packages are in development.
They may not be fully stable and should be used with caution. We make no claims about them.