Last updated on 2025-07-26 07:50:27 CEST.
Flavor | Version | Tinstall | Tcheck | Ttotal | Status | Flags |
---|---|---|---|---|---|---|
r-devel-linux-x86_64-debian-clang | 3.2.3 | 69.41 | 84.94 | 154.35 | OK | |
r-devel-linux-x86_64-debian-gcc | 3.2.3 | 48.51 | 57.70 | 106.21 | OK | |
r-devel-linux-x86_64-fedora-clang | 3.2.3 | 270.35 | OK | |||
r-devel-linux-x86_64-fedora-gcc | 3.2.3 | 261.54 | OK | |||
r-devel-windows-x86_64 | 3.2.3 | 84.00 | 141.00 | 225.00 | OK | |
r-patched-linux-x86_64 | 3.2.3 | 75.68 | 79.63 | 155.31 | OK | |
r-release-linux-x86_64 | 3.2.3 | 69.53 | 79.88 | 149.41 | OK | |
r-release-macos-arm64 | 3.2.3 | 63.00 | OK | |||
r-release-macos-x86_64 | 3.2.3 | 109.00 | OK | |||
r-release-windows-x86_64 | 3.2.3 | 85.00 | 134.00 | 219.00 | OK | |
r-oldrel-macos-arm64 | 3.2.3 | 79.00 | NOTE | |||
r-oldrel-macos-x86_64 | 3.2.3 | 84.00 | NOTE | |||
r-oldrel-windows-x86_64 | 3.2.3 | 100.00 | 168.00 | 268.00 | OK |
Version: 3.2.3
Check: installed package size
Result: NOTE
installed size is 6.4Mb
sub-directories of 1Mb or more:
data 3.0Mb
libs 2.6Mb
Flavors: r-oldrel-macos-arm64, r-oldrel-macos-x86_64
These binaries (installable software) and packages are in development.
They may not be fully stable and should be used with caution. We make no claims about them.