Last updated on 2025-10-23 11:50:20 CEST.
Flavor | Version | Tinstall | Tcheck | Ttotal | Status | Flags |
---|---|---|---|---|---|---|
r-devel-linux-x86_64-debian-clang | 3.2.3 | 64.16 | 91.38 | 155.54 | NOTE | |
r-devel-linux-x86_64-debian-gcc | 3.2.3 | 47.27 | 63.65 | 110.92 | OK | |
r-devel-linux-x86_64-fedora-clang | 3.2.3 | 215.00 | 74.37 | 289.37 | OK | |
r-devel-linux-x86_64-fedora-gcc | 3.2.3 | 115.00 | 149.82 | 264.82 | OK | |
r-devel-windows-x86_64 | 3.2.3 | 79.00 | 134.00 | 213.00 | OK | |
r-patched-linux-x86_64 | 3.2.3 | 70.80 | 84.88 | 155.68 | OK | |
r-release-linux-x86_64 | 3.2.3 | 69.47 | 84.98 | 154.45 | OK | |
r-release-macos-arm64 | 3.2.3 | 26.00 | 37.00 | 63.00 | OK | |
r-release-macos-x86_64 | 3.2.3 | 35.00 | 74.00 | 109.00 | OK | |
r-release-windows-x86_64 | 3.2.3 | 88.00 | 135.00 | 223.00 | OK | |
r-oldrel-macos-arm64 | 3.2.3 | 32.00 | 47.00 | 79.00 | NOTE | |
r-oldrel-macos-x86_64 | 3.2.3 | 29.00 | 55.00 | 84.00 | NOTE | |
r-oldrel-windows-x86_64 | 3.2.3 | 94.00 | 170.00 | 264.00 | OK |
Version: 3.2.3
Check: HTML version of manual
Result: NOTE
Found the following HTML validation problems:
print.mt_heatmap_raw.html:51:1 (print.mt_heatmap_raw.Rd:12): Warning: missing </ul> before </div>
Flavor: r-devel-linux-x86_64-debian-clang
Version: 3.2.3
Check: installed package size
Result: NOTE
installed size is 6.4Mb
sub-directories of 1Mb or more:
data 3.0Mb
libs 2.6Mb
Flavors: r-oldrel-macos-arm64, r-oldrel-macos-x86_64
These binaries (installable software) and packages are in development.
They may not be fully stable and should be used with caution. We make no claims about them.