Last updated on 2024-07-27 15:50:26 CEST.
Flavor | Version | Tinstall | Tcheck | Ttotal | Status | Flags |
---|---|---|---|---|---|---|
r-devel-linux-x86_64-debian-clang | 4.2.4 | 67.17 | 584.41 | 651.58 | NOTE | |
r-devel-linux-x86_64-debian-gcc | 4.2.4 | NOTE | ||||
r-devel-linux-x86_64-fedora-clang | 4.2.4 | 787.98 | NOTE | |||
r-devel-linux-x86_64-fedora-gcc | 4.2.4 | 769.70 | NOTE | |||
r-devel-windows-x86_64 | 4.2.4 | 57.00 | 423.00 | 480.00 | NOTE | |
r-patched-linux-x86_64 | 4.2.4 | NOTE | ||||
r-release-linux-x86_64 | 4.2.4 | 62.69 | 522.63 | 585.32 | NOTE | |
r-release-macos-arm64 | 4.2.4 | 181.00 | NOTE | |||
r-release-macos-x86_64 | 4.2.4 | 300.00 | NOTE | |||
r-release-windows-x86_64 | 4.2.4 | 55.00 | 426.00 | 481.00 | NOTE | |
r-oldrel-macos-arm64 | 4.2.4 | 168.00 | NOTE | |||
r-oldrel-macos-x86_64 | 4.2.4 | 463.00 | NOTE | |||
r-oldrel-windows-x86_64 | 4.2.4 | 77.00 | 587.00 | 664.00 | OK |
Version: 4.2.4
Check: Rd files
Result: NOTE
checkRd: (-1) brownian.motion.variance.dyn.Rd:39: Lost braces
39 | \link{brownian.bridge.dyn}, link{dynBGBvariance}
| ^
Flavors: r-devel-linux-x86_64-debian-clang, r-devel-linux-x86_64-debian-gcc, r-devel-linux-x86_64-fedora-clang, r-devel-linux-x86_64-fedora-gcc, r-devel-windows-x86_64, r-patched-linux-x86_64, r-release-linux-x86_64, r-release-macos-arm64, r-release-macos-x86_64, r-release-windows-x86_64
Version: 4.2.4
Check: Rd cross-references
Result: NOTE
Found the following Rd file(s) with Rd \link{} targets missing package
anchors:
DBBMM-class.Rd: Raster-class
DBBMMBurstStack-class.Rd: Raster-class
DBBMMStack-class.Rd: Raster-class
UD-class.Rd: Raster-class
dynBGB-class.Rd: Raster-class
move.Rd: CRS-class
raster2contour.Rd: SpatialLinesDataFrame-class
Please provide package anchors for all Rd \link{} targets not in the
package itself and the base packages.
Flavors: r-devel-linux-x86_64-debian-gcc, r-devel-windows-x86_64
Version: 4.2.4
Check: installed package size
Result: NOTE
installed size is 5.4Mb
sub-directories of 1Mb or more:
R 2.1Mb
Flavors: r-release-macos-arm64, r-release-macos-x86_64, r-oldrel-macos-arm64, r-oldrel-macos-x86_64
Version: 4.2.4
Check: package dependencies
Result: NOTE
Packages suggested but not available for checking: 'ctmm', 'amt'
Flavor: r-oldrel-macos-x86_64
Version: 4.2.4
Check: Rd cross-references
Result: NOTE
Packages unavailable to check Rd xrefs: ‘ctmm’, ‘amt’
Flavor: r-oldrel-macos-x86_64
These binaries (installable software) and packages are in development.
They may not be fully stable and should be used with caution. We make no claims about them.