CRAN Package Check Results for Package moveEZ

Last updated on 2025-11-11 15:50:40 CET.

Flavor Version Tinstall Tcheck Ttotal Status Flags
r-devel-linux-x86_64-debian-clang 1.1.1 6.95 91.70 98.65 OK
r-devel-linux-x86_64-debian-gcc 1.1.1 5.13 65.33 70.46 OK
r-devel-linux-x86_64-fedora-clang 1.1.1 16.00 139.51 155.51 OK
r-devel-linux-x86_64-fedora-gcc 1.1.1 15.00 141.72 156.72 OK
r-devel-windows-x86_64 1.1.1 10.00 91.00 101.00 OK
r-patched-linux-x86_64 1.1.1 6.20 84.94 91.14 OK
r-release-linux-x86_64 1.1.1 7.08 84.93 92.01 OK
r-release-macos-arm64 1.1.1 4.00 49.00 53.00 OK
r-release-macos-x86_64 1.1.1 5.00 86.00 91.00 OK
r-release-windows-x86_64 1.1.1 10.00 94.00 104.00 OK
r-oldrel-macos-arm64 1.1.1 2.00 61.00 63.00 OK
r-oldrel-macos-x86_64 1.1.1 6.00 101.00 107.00 OK
r-oldrel-windows-x86_64 1.1.1 12.00 114.00 126.00 ERROR

Check Details

Version: 1.1.1
Check: re-building of vignette outputs
Result: ERROR Error(s) in re-building vignettes: --- re-building 'moveEZ.Rmd' using rmarkdown File anim1.gif not found in resource path Error: processing vignette 'moveEZ.Rmd' failed with diagnostics: pandoc document conversion failed with error 99 --- failed re-building 'moveEZ.Rmd' SUMMARY: processing the following file failed: 'moveEZ.Rmd' Error: Vignette re-building failed. Execution halted Flavor: r-oldrel-windows-x86_64

These binaries (installable software) and packages are in development.
They may not be fully stable and should be used with caution. We make no claims about them.