Last updated on 2025-02-16 08:50:55 CET.
Flavor | Version | Tinstall | Tcheck | Ttotal | Status | Flags |
---|---|---|---|---|---|---|
r-devel-linux-x86_64-debian-clang | 1.9 | 42.33 | 150.74 | 193.07 | NOTE | |
r-devel-linux-x86_64-debian-gcc | 1.9 | 28.33 | 107.55 | 135.88 | NOTE | |
r-devel-linux-x86_64-fedora-clang | 1.9 | 321.63 | OK | |||
r-devel-linux-x86_64-fedora-gcc | 1.9 | 376.23 | OK | |||
r-devel-macos-arm64 | 1.9 | 124.00 | OK | |||
r-devel-macos-x86_64 | 1.9 | 226.00 | OK | |||
r-devel-windows-x86_64 | 1.9 | 43.00 | 241.00 | 284.00 | NOTE | |
r-patched-linux-x86_64 | 1.9 | 43.08 | 143.99 | 187.07 | OK | |
r-release-linux-x86_64 | 1.9 | 40.04 | 141.08 | 181.12 | OK | |
r-release-macos-arm64 | 1.9 | 115.00 | OK | |||
r-release-macos-x86_64 | 1.9 | 233.00 | OK | |||
r-release-windows-x86_64 | 1.9 | 47.00 | 245.00 | 292.00 | OK | |
r-oldrel-macos-arm64 | 1.9 | 112.00 | OK | |||
r-oldrel-macos-x86_64 | 1.9 | 210.00 | OK | |||
r-oldrel-windows-x86_64 | 1.9 | 56.00 | 265.00 | 321.00 | OK |
Version: 1.9
Check: Rd cross-references
Result: NOTE
Found the following Rd file(s) with Rd \link{} targets missing package
anchors:
plotSat.Rd: get_map, geom_point
Please provide package anchors for all Rd \link{} targets not in the
package itself and the base packages.
Flavors: r-devel-linux-x86_64-debian-clang, r-devel-linux-x86_64-debian-gcc, r-devel-windows-x86_64
These binaries (installable software) and packages are in development.
They may not be fully stable and should be used with caution. We make no claims about them.