Last updated on 2025-10-24 03:50:37 CEST.
| Flavor | Version | Tinstall | Tcheck | Ttotal | Status | Flags |
|---|---|---|---|---|---|---|
| r-devel-linux-x86_64-debian-clang | 0.3.2 | 60.92 | 599.92 | 660.84 | NOTE | |
| r-devel-linux-x86_64-debian-gcc | 0.3.2 | 37.57 | 382.82 | 420.39 | OK | |
| r-devel-linux-x86_64-fedora-clang | 0.3.2 | 238.00 | 858.12 | 1096.12 | OK | |
| r-devel-linux-x86_64-fedora-gcc | 0.3.2 | 135.00 | 903.82 | 1038.82 | OK | |
| r-devel-windows-x86_64 | 0.3.2 | 94.00 | 658.00 | 752.00 | OK | |
| r-patched-linux-x86_64 | 0.3.2 | 60.96 | 574.19 | 635.15 | OK | |
| r-release-linux-x86_64 | 0.3.2 | 57.28 | 574.77 | 632.05 | OK | |
| r-release-macos-arm64 | 0.3.2 | 5.00 | ERROR | |||
| r-release-macos-x86_64 | 0.3.2 | 44.00 | 260.00 | 304.00 | OK | |
| r-release-windows-x86_64 | 0.3.2 | 97.00 | 671.00 | 768.00 | OK | |
| r-oldrel-macos-arm64 | 0.3.2 | 37.00 | 159.00 | 196.00 | OK | |
| r-oldrel-macos-x86_64 | 0.3.2 | 45.00 | 271.00 | 316.00 | OK | |
| r-oldrel-windows-x86_64 | 0.3.2 | 129.00 | 880.00 | 1009.00 | OK |
Version: 0.3.2
Check: HTML version of manual
Result: NOTE
Found the following HTML validation problems:
print.movedesign_check.html:51:1 (print.movedesign_check.Rd:12): Warning: missing </ul> before </div>
print.movedesign_input.html:51:1 (print.movedesign_input.Rd:12): Warning: missing </ul> before </div>
print.movedesign_output.html:51:1 (print.movedesign_output.Rd:12): Warning: missing </ul> before </div>
print.movedesign_preprocess.html:51:1 (print.movedesign_preprocess.Rd:12): Warning: missing </ul> before </div>
print.movedesign_report.html:51:1 (print.movedesign_report.Rd:12): Warning: missing </ul> before </div>
summary.movedesign_check.html:51:1 (summary.movedesign_check.Rd:12): Warning: missing </ul> before </div>
summary.movedesign_input.html:51:1 (summary.movedesign_input.Rd:12): Warning: missing </ul> before </div>
summary.movedesign_output.html:51:1 (summary.movedesign_output.Rd:12): Warning: missing </ul> before </div>
summary.movedesign_preprocess.html:51:1 (summary.movedesign_preprocess.Rd:12): Warning: missing </ul> before </div>
summary.movedesign_report.html:51:1 (summary.movedesign_report.Rd:12): Warning: missing </ul> before </div>
Flavor: r-devel-linux-x86_64-debian-clang
Version: 0.3.2
Check: package dependencies
Result: ERROR
Package required but not available: ‘ctmm’
See section ‘The DESCRIPTION file’ in the ‘Writing R Extensions’
manual.
Flavor: r-release-macos-arm64
These binaries (installable software) and packages are in development.
They may not be fully stable and should be used with caution. We make no claims about them.