Last updated on 2025-05-01 12:49:34 CEST.
Flavor | Version | Tinstall | Tcheck | Ttotal | Status | Flags |
---|---|---|---|---|---|---|
r-devel-linux-x86_64-debian-clang | 2024.03.05 | 39.49 | 309.62 | 349.11 | OK | |
r-devel-linux-x86_64-debian-gcc | 2024.03.05 | 25.56 | 209.36 | 234.92 | OK | |
r-devel-linux-x86_64-fedora-clang | 2024.03.05 | 533.47 | OK | |||
r-devel-linux-x86_64-fedora-gcc | 2024.03.05 | 525.56 | OK | |||
r-devel-windows-x86_64 | 2024.03.05 | 34.00 | 256.00 | 290.00 | WARN | |
r-patched-linux-x86_64 | 2024.03.05 | 34.10 | 289.23 | 323.33 | OK | |
r-release-linux-x86_64 | OK | |||||
r-release-macos-arm64 | 2024.03.05 | 123.00 | OK | |||
r-release-macos-x86_64 | 2024.03.05 | 291.00 | OK | |||
r-release-windows-x86_64 | 2024.03.05 | 35.00 | 260.00 | 295.00 | OK | |
r-oldrel-macos-arm64 | 2024.03.05 | 137.00 | OK | |||
r-oldrel-macos-x86_64 | 2024.03.05 | 204.00 | OK | |||
r-oldrel-windows-x86_64 | 2024.03.05 | 43.00 | 344.00 | 387.00 | OK |
Version: 2024.03.05
Check: replacement functions
Result: WARN
(process:148920): GLib-GIO-CRITICAL **: 14:25:14.573: g_wcsdup: assertion 'str != NULL' failed
The argument of a replacement function which corresponds to the right
hand side must be named 'value'.
Flavor: r-devel-windows-x86_64
These binaries (installable software) and packages are in development.
They may not be fully stable and should be used with caution. We make no claims about them.