Last updated on 2025-05-01 12:49:34 CEST.
Flavor | Version | Tinstall | Tcheck | Ttotal | Status | Flags |
---|---|---|---|---|---|---|
r-devel-linux-x86_64-debian-clang | 0.1.4 | 10.25 | 177.63 | 187.88 | NOTE | |
r-devel-linux-x86_64-debian-gcc | 0.1.4 | 6.73 | 114.27 | 121.00 | NOTE | |
r-devel-linux-x86_64-fedora-clang | 0.1.4 | 322.74 | OK | |||
r-devel-linux-x86_64-fedora-gcc | 0.1.4 | 291.33 | OK | |||
r-devel-windows-x86_64 | 0.1.4 | 13.00 | 212.00 | 225.00 | NOTE | |
r-patched-linux-x86_64 | 0.1.4 | 11.20 | 165.99 | 177.19 | NOTE | |
r-release-linux-x86_64 | NOTE | |||||
r-release-macos-arm64 | 0.1.4 | 86.00 | OK | |||
r-release-macos-x86_64 | 0.1.4 | 176.00 | OK | |||
r-release-windows-x86_64 | 0.1.4 | 15.00 | 205.00 | 220.00 | NOTE | |
r-oldrel-macos-arm64 | 0.1.4 | 96.00 | OK | |||
r-oldrel-macos-x86_64 | 0.1.4 | 130.00 | OK | |||
r-oldrel-windows-x86_64 | 0.1.4 | 17.00 | 270.00 | 287.00 | OK |
Version: 0.1.4
Check: Rd cross-references
Result: NOTE
Found the following Rd file(s) with Rd \link{} targets missing package
anchors:
plot.GrangerInteraction.Rd: plot.igraph
plot.View.Rd: plot.zoo
Please provide package anchors for all Rd \link{} targets not in the
package itself and the base packages.
Flavors: r-devel-linux-x86_64-debian-clang, r-devel-linux-x86_64-debian-gcc, r-devel-windows-x86_64, r-patched-linux-x86_64, r-release-linux-x86_64, r-release-windows-x86_64
Version: 0.1.4
Check: examples
Result: NOTE
Examples with CPU (user + system) or elapsed time > 5s
user system elapsed
plot_sel_phases 6.797 0.047 9.378
compare_avg_cross_power2 6.552 0.063 8.398
plot_roll_resultant_length 6.523 0.092 8.534
analyze_coherency 5.945 0.384 8.844
plot_cross_spectrum 6.132 0.107 8.533
ave_cross_power_over_splices 6.036 0.142 7.291
plot_cwt_energy 6.066 0.095 8.288
summary.sel.phases 5.839 0.071 7.351
plot_average_coherency 5.586 0.202 8.641
Flavor: r-devel-linux-x86_64-debian-clang
Version: 0.1.4
Check: examples
Result: NA
user system elapsed
compare_avg_cross_power2 4.190 0.085 5.363
ave_cross_power_over_splices 3.844 0.051 5.460
analyze_coherency 3.730 0.086 5.071
OK
Flavor: r-devel-linux-x86_64-debian-gcc
These binaries (installable software) and packages are in development.
They may not be fully stable and should be used with caution. We make no claims about them.