Last updated on 2025-05-02 06:49:39 CEST.
Flavor | Version | Tinstall | Tcheck | Ttotal | Status | Flags |
---|---|---|---|---|---|---|
r-devel-linux-x86_64-debian-clang | 0.1.2 | 19.02 | 134.89 | 153.91 | NOTE | |
r-devel-linux-x86_64-debian-gcc | 0.1.2 | 12.55 | 93.71 | 106.26 | OK | |
r-devel-linux-x86_64-fedora-clang | 0.1.2 | 254.99 | OK | |||
r-devel-linux-x86_64-fedora-gcc | 0.1.2 | 229.28 | OK | |||
r-devel-windows-x86_64 | 0.1.2 | 18.00 | 136.00 | 154.00 | OK | |
r-patched-linux-x86_64 | 0.1.2 | 17.76 | 125.45 | 143.21 | OK | |
r-release-linux-x86_64 | OK | |||||
r-release-macos-arm64 | 0.1.2 | 64.00 | OK | |||
r-release-macos-x86_64 | 0.1.2 | 147.00 | OK | |||
r-release-windows-x86_64 | 0.1.2 | 18.00 | 142.00 | 160.00 | OK | |
r-oldrel-macos-arm64 | 0.1.2 | 72.00 | OK | |||
r-oldrel-macos-x86_64 | 0.1.2 | 106.00 | OK | |||
r-oldrel-windows-x86_64 | 0.1.2 | 23.00 | 182.00 | 205.00 | OK |
Version: 0.1.2
Check: examples
Result: NOTE
Examples with CPU (user + system) or elapsed time > 5s
user system elapsed
multiROC 5.372 0.136 7.363
Flavor: r-devel-linux-x86_64-debian-clang
These binaries (installable software) and packages are in development.
They may not be fully stable and should be used with caution. We make no claims about them.