Last updated on 2024-07-27 15:50:26 CEST.
Flavor | Version | Tinstall | Tcheck | Ttotal | Status | Flags |
---|---|---|---|---|---|---|
r-devel-linux-x86_64-debian-clang | 0.4.1 | 52.59 | 29.56 | 82.15 | OK | |
r-devel-linux-x86_64-debian-gcc | 0.4.1 | OK | ||||
r-devel-linux-x86_64-fedora-clang | 0.4.1 | 149.17 | NOTE | |||
r-devel-linux-x86_64-fedora-gcc | 0.4.1 | 121.04 | NOTE | |||
r-devel-windows-x86_64 | 0.4.1 | 43.00 | 62.00 | 105.00 | OK | |
r-patched-linux-x86_64 | 0.4.1 | OK | ||||
r-release-linux-x86_64 | 0.4.1 | 42.28 | 29.38 | 71.66 | OK | |
r-release-macos-arm64 | 0.4.1 | 30.00 | OK | |||
r-release-macos-x86_64 | 0.4.1 | 36.00 | OK | |||
r-release-windows-x86_64 | 0.4.1 | 53.00 | 64.00 | 117.00 | OK | |
r-oldrel-macos-arm64 | 0.4.1 | 36.00 | OK | |||
r-oldrel-macos-x86_64 | 0.4.1 | 59.00 | OK | |||
r-oldrel-windows-x86_64 | 0.4.1 | 50.00 | 72.00 | 122.00 | OK |
Version: 0.4.1
Check: Rd cross-references
Result: NOTE
Undeclared package ‘proxy’ in Rd xrefs
Flavor: r-devel-linux-x86_64-fedora-clang
Version: 0.4.1
Check: compiled code
Result: NOTE
File ‘mp/libs/mp.so’:
Found no calls to: ‘R_registerRoutines’, ‘R_useDynamicSymbols’
It is good practice to register native routines and to disable symbol
search.
See ‘Writing portable packages’ in the ‘Writing R Extensions’ manual.
Flavors: r-devel-linux-x86_64-fedora-clang, r-devel-linux-x86_64-fedora-gcc
These binaries (installable software) and packages are in development.
They may not be fully stable and should be used with caution. We make no claims about them.