Last updated on 2025-10-03 05:53:40 CEST.
Flavor | Version | Tinstall | Tcheck | Ttotal | Status | Flags |
---|---|---|---|---|---|---|
r-devel-linux-x86_64-debian-clang | 0.3.1 | 24.69 | 186.26 | 210.95 | OK | |
r-devel-linux-x86_64-debian-gcc | 0.3.1 | 17.70 | 123.04 | 140.74 | OK | |
r-devel-linux-x86_64-fedora-clang | 0.3.1 | 334.29 | OK | |||
r-devel-linux-x86_64-fedora-gcc | 0.3.1 | 350.73 | OK | |||
r-devel-windows-x86_64 | 0.3.1 | 34.00 | 211.00 | 245.00 | OK | |
r-patched-linux-x86_64 | 0.3.1 | 26.34 | 171.98 | 198.32 | OK | |
r-release-macos-arm64 | 0.3.0 | 110.00 | OK | |||
r-release-macos-x86_64 | 0.3.1 | 410.00 | OK | |||
r-release-windows-x86_64 | 0.3.1 | 34.00 | 195.00 | 229.00 | OK | |
r-oldrel-macos-arm64 | 0.3.0 | 114.00 | NOTE | |||
r-oldrel-macos-x86_64 | 0.3.1 | 389.00 | NOTE | |||
r-oldrel-windows-x86_64 | 0.3.1 | 43.00 | 265.00 | 308.00 | NOTE |
Version: 0.3.0
Check: installed package size
Result: NOTE
installed size is 9.4Mb
sub-directories of 1Mb or more:
doc 4.8Mb
extdata 1.9Mb
libs 2.0Mb
Flavor: r-oldrel-macos-arm64
Version: 0.3.1
Check: installed package size
Result: NOTE
installed size is 9.4Mb
sub-directories of 1Mb or more:
doc 4.8Mb
extdata 1.9Mb
libs 2.0Mb
Flavors: r-oldrel-macos-x86_64, r-oldrel-windows-x86_64
These binaries (installable software) and packages are in development.
They may not be fully stable and should be used with caution. We make no claims about them.