Last updated on 2025-02-16 08:50:55 CET.
Flavor | Version | Tinstall | Tcheck | Ttotal | Status | Flags |
---|---|---|---|---|---|---|
r-devel-linux-x86_64-debian-clang | 1.0.2 | 6.31 | 65.99 | 72.30 | NOTE | |
r-devel-linux-x86_64-debian-gcc | 1.0.2 | 4.09 | 51.38 | 55.47 | NOTE | |
r-devel-linux-x86_64-fedora-clang | 1.0.2 | 111.20 | NOTE | |||
r-devel-linux-x86_64-fedora-gcc | 1.0.2 | 116.41 | NOTE | |||
r-devel-macos-arm64 | 1.0.2 | 44.00 | OK | |||
r-devel-macos-x86_64 | 1.0.2 | 69.00 | NOTE | |||
r-devel-windows-x86_64 | 1.0.2 | 9.00 | 85.00 | 94.00 | NOTE | |
r-patched-linux-x86_64 | 1.0.2 | 5.11 | 61.34 | 66.45 | OK | |
r-release-linux-x86_64 | 1.0.2 | 5.30 | 61.64 | 66.94 | OK | |
r-release-macos-arm64 | 1.0.2 | 45.00 | OK | |||
r-release-macos-x86_64 | 1.0.2 | 72.00 | OK | |||
r-release-windows-x86_64 | 1.0.2 | 8.00 | 88.00 | 96.00 | OK | |
r-oldrel-macos-arm64 | 1.0.2 | 46.00 | OK | |||
r-oldrel-macos-x86_64 | 1.0.2 | 74.00 | OK | |||
r-oldrel-windows-x86_64 | 1.0.2 | 10.00 | 94.00 | 104.00 | OK |
Version: 1.0.2
Check: DESCRIPTION meta-information
Result: NOTE
Missing dependency on R >= 4.1.0 because package code uses the pipe
|> or function shorthand \(...) syntax added in R 4.1.0.
File(s) using such syntax:
‘cast_vec.R’ ‘plot_response_rate.R’ ‘read_mpath.R’ ‘response_rate.R’
‘write_mpath.R’
Flavors: r-devel-linux-x86_64-debian-clang, r-devel-linux-x86_64-debian-gcc, r-devel-linux-x86_64-fedora-clang, r-devel-linux-x86_64-fedora-gcc, r-devel-macos-x86_64, r-devel-windows-x86_64
These binaries (installable software) and packages are in development.
They may not be fully stable and should be used with caution. We make no claims about them.