Last updated on 2025-05-01 12:49:34 CEST.
Flavor | Version | Tinstall | Tcheck | Ttotal | Status | Flags |
---|---|---|---|---|---|---|
r-devel-linux-x86_64-debian-clang | 1.2.3 | 7.58 | 201.38 | 208.96 | NOTE | |
r-devel-linux-x86_64-debian-gcc | 1.2.3 | 6.47 | 134.16 | 140.63 | NOTE | |
r-devel-linux-x86_64-fedora-clang | 1.2.3 | 322.54 | NOTE | |||
r-devel-linux-x86_64-fedora-gcc | 1.2.3 | 323.21 | NOTE | |||
r-devel-windows-x86_64 | 1.2.3 | 10.00 | 196.00 | 206.00 | NOTE | |
r-patched-linux-x86_64 | 1.2.3 | 9.26 | 190.24 | 199.50 | NOTE | |
r-release-linux-x86_64 | NOTE | |||||
r-release-macos-arm64 | 1.2.3 | 96.00 | NOTE | |||
r-release-macos-x86_64 | 1.2.3 | 208.00 | NOTE | |||
r-release-windows-x86_64 | 1.2.3 | 10.00 | 207.00 | 217.00 | NOTE | |
r-oldrel-macos-arm64 | 1.2.3 | 111.00 | OK | |||
r-oldrel-macos-x86_64 | 1.2.3 | 172.00 | OK | |||
r-oldrel-windows-x86_64 | 1.2.3 | 14.00 | 295.00 | 309.00 | OK |
Version: 1.2.3
Check: DESCRIPTION meta-information
Result: NOTE
Missing dependency on R >= 4.1.0 because package code uses the pipe
|> or function shorthand \(...) syntax added in R 4.1.0.
File(s) using such syntax:
‘alias_column_names.R’ ‘bin_data.Rd’ ‘coverage.R’ ‘database.R’
‘decrypt_gps.Rd’ ‘import.R’ ‘import_functions.R’ ‘linking.R’
‘location_functions.R’ ‘sensor_functions.R’
Flavors: r-devel-linux-x86_64-debian-clang, r-devel-linux-x86_64-debian-gcc, r-devel-linux-x86_64-fedora-clang, r-devel-linux-x86_64-fedora-gcc, r-devel-windows-x86_64, r-patched-linux-x86_64, r-release-linux-x86_64, r-release-macos-arm64, r-release-windows-x86_64
Version: 1.2.3
Check: DESCRIPTION meta-information
Result: NOTE
Missing dependency on R >= 4.1.0 because package code uses the pipe
|> or function shorthand \(...) syntax added in R 4.1.0.
File(s) using such syntax:
‘alias_column_names.R’ ‘coverage.R’ ‘database.R’ ‘import.R’
‘import_functions.R’ ‘linking.R’ ‘location_functions.R’
‘sensor_functions.R’
Flavor: r-release-macos-x86_64
These binaries (installable software) and packages are in development.
They may not be fully stable and should be used with caution. We make no claims about them.