CRAN Package Check Results for Package mpindex

Last updated on 2025-02-02 14:48:29 CET.

Flavor Version Tinstall Tcheck Ttotal Status Flags
r-devel-linux-x86_64-debian-clang 0.2.1 2.95 46.06 49.01 NOTE
r-devel-linux-x86_64-debian-gcc 0.2.1 2.12 35.03 37.15 NOTE
r-devel-linux-x86_64-fedora-clang 0.2.1 78.30 NOTE
r-devel-linux-x86_64-fedora-gcc 0.2.1 89.66 NOTE
r-devel-windows-x86_64 0.2.1 5.00 64.00 69.00 NOTE
r-patched-linux-x86_64 0.2.1 2.84 43.17 46.01 OK
r-release-linux-x86_64 0.2.1 2.82 42.33 45.15 OK
r-release-macos-arm64 0.2.1 37.00 OK
r-release-macos-x86_64 0.2.1 52.00 OK
r-release-windows-x86_64 0.2.1 5.00 64.00 69.00 OK
r-oldrel-macos-arm64 0.2.1 36.00 OK
r-oldrel-macos-x86_64 0.2.1 61.00 OK
r-oldrel-windows-x86_64 0.2.1 6.00 69.00 75.00 OK

Check Details

Version: 0.2.1
Check: DESCRIPTION meta-information
Result: NOTE Missing dependency on R >= 4.1.0 because package code uses the pipe |> or function shorthand \(...) syntax added in R 4.1.0. File(s) using such syntax: ‘compute-contribution.R’ ‘compute-headcount-ratio-adjusted.R’ ‘compute-headcount-ratio.R’ ‘compute-mpi.R’ ‘create-deprivation-matrix.R’ ‘define-deprivation.R’ ‘define-mpi-specs.R’ ‘helpers.R’ ‘save_mpi.R’ ‘write-as-excel.R’ Flavors: r-devel-linux-x86_64-debian-clang, r-devel-linux-x86_64-debian-gcc, r-devel-linux-x86_64-fedora-clang, r-devel-linux-x86_64-fedora-gcc, r-devel-windows-x86_64

These binaries (installable software) and packages are in development.
They may not be fully stable and should be used with caution. We make no claims about them.