Last updated on 2025-02-16 08:50:55 CET.
Flavor | Version | Tinstall | Tcheck | Ttotal | Status | Flags |
---|---|---|---|---|---|---|
r-devel-linux-x86_64-debian-clang | 0.43.2.1 | 5.28 | 26.78 | 32.06 | OK | |
r-devel-linux-x86_64-debian-gcc | 0.43.2.1 | 3.46 | 20.32 | 23.78 | OK | |
r-devel-linux-x86_64-fedora-clang | 0.43.2.1 | 50.55 | NOTE | |||
r-devel-linux-x86_64-fedora-gcc | 0.43.2.1 | 60.45 | NOTE | |||
r-devel-macos-arm64 | 0.43.2.1 | 26.00 | OK | |||
r-devel-macos-x86_64 | 0.43.2.1 | 51.00 | OK | |||
r-devel-windows-x86_64 | 0.43.2.1 | 9.00 | 65.00 | 74.00 | OK | |
r-patched-linux-x86_64 | 0.43.2.1 | 4.55 | 23.91 | 28.46 | OK | |
r-release-linux-x86_64 | 0.43.2.1 | 4.31 | 24.33 | 28.64 | OK | |
r-release-macos-arm64 | 0.43.2.1 | 26.00 | OK | |||
r-release-macos-x86_64 | 0.43.2.1 | 61.00 | OK | |||
r-release-windows-x86_64 | 0.43.2.1 | 9.00 | 69.00 | 78.00 | OK | |
r-oldrel-macos-arm64 | 0.43.2.1 | 43.00 | OK | |||
r-oldrel-macos-x86_64 | 0.43.2.1 | 73.00 | OK | |||
r-oldrel-windows-x86_64 | 0.43.2.1 | 9.00 | 92.00 | 101.00 | OK |
Version: 0.43.2.1
Check: compiled code
Result: NOTE
File ‘mpmi/libs/mpmi.so’:
Found no calls to: ‘R_registerRoutines’, ‘R_useDynamicSymbols’
It is good practice to register native routines and to disable symbol
search.
See ‘Writing portable packages’ in the ‘Writing R Extensions’ manual.
Flavors: r-devel-linux-x86_64-fedora-clang, r-devel-linux-x86_64-fedora-gcc
These binaries (installable software) and packages are in development.
They may not be fully stable and should be used with caution. We make no claims about them.