Last updated on 2025-02-16 08:50:55 CET.
Flavor | Version | Tinstall | Tcheck | Ttotal | Status | Flags |
---|---|---|---|---|---|---|
r-devel-linux-x86_64-debian-clang | 3.1.0 | 12.42 | 157.71 | 170.13 | NOTE | |
r-devel-linux-x86_64-debian-gcc | 3.1.0 | 9.26 | 110.12 | 119.38 | NOTE | |
r-devel-linux-x86_64-fedora-clang | 3.1.0 | 272.19 | NOTE | |||
r-devel-linux-x86_64-fedora-gcc | 3.1.0 | 267.34 | NOTE | |||
r-devel-macos-arm64 | 3.1.0 | 85.00 | OK | |||
r-devel-macos-x86_64 | 3.1.0 | 178.00 | NOTE | |||
r-devel-windows-x86_64 | 3.1.0 | 14.00 | 154.00 | 168.00 | NOTE | |
r-patched-linux-x86_64 | 3.1.0 | 10.82 | 149.51 | 160.33 | OK | |
r-release-linux-x86_64 | 3.1.0 | 9.47 | 146.77 | 156.24 | OK | |
r-release-macos-arm64 | 3.1.0 | 67.00 | OK | |||
r-release-macos-x86_64 | 3.1.0 | 109.00 | OK | |||
r-release-windows-x86_64 | 3.1.0 | 12.00 | 150.00 | 162.00 | OK | |
r-oldrel-macos-arm64 | 3.1.0 | 94.00 | WARN | |||
r-oldrel-macos-x86_64 | 3.1.0 | 112.00 | WARN | |||
r-oldrel-windows-x86_64 | 3.1.0 | 18.00 | 230.00 | 248.00 | WARN |
Version: 3.1.0
Check: DESCRIPTION meta-information
Result: NOTE
Missing dependency on R >= 4.1.0 because package code uses the pipe
|> or function shorthand \(...) syntax added in R 4.1.0.
File(s) using such syntax:
‘plot_matrix.R’ ‘rand_leslie_set.R’
Flavors: r-devel-linux-x86_64-debian-clang, r-devel-linux-x86_64-debian-gcc, r-devel-linux-x86_64-fedora-clang, r-devel-linux-x86_64-fedora-gcc, r-devel-macos-x86_64, r-devel-windows-x86_64
Version: 3.1.0
Check: examples
Result: WARN
Found the following significant warnings:
Warning: 'generate_mpm_set' is deprecated.
Warning: 'random_mpm' is deprecated.
Warning: 'random_mpm' is deprecated.
Warning: 'random_mpm' is deprecated.
Warning: 'random_mpm' is deprecated.
Warning: 'random_mpm' is deprecated.
Warning: 'random_mpm' is deprecated.
Warning: 'random_mpm' is deprecated.
Warning: 'random_mpm' is deprecated.
Warning: 'random_mpm' is deprecated.
Warning: 'random_mpm' is deprecated.
Warning: 'generate_mpm_set' is deprecated.
Warning: 'random_mpm' is deprecated.
Warning: 'random_mpm' is deprecated.
Warning: 'random_mpm' is deprecated.
Warning: 'random_mpm' is deprecated.
Warning: 'random_mpm' is deprecated.
Warning: 'random_mpm' is deprecated.
Warning: 'random_mpm' is deprecated.
Warning: 'random_mpm' is deprecated.
Warning: 'random_mpm' is deprecated.
Warning: 'random_mpm' is deprecated.
Warning: 'random_mpm' is deprecated.
Warning: 'random_mpm' is deprecated.
Warning: 'random_mpm' is deprecated.
Warning: 'random_mpm' is deprecated.
Warning: 'random_mpm' is deprecated.
Warning: 'random_mpm' is deprecated.
Warning: 'random_mpm' is deprecated.
Warning: 'random_mpm' is deprecated.
Warning: 'random_mpm' is deprecated.
Warning: 'random_mpm' is deprecated.
Warning: 'random_mpm' is deprecated.
Warning: 'random_mpm' is deprecated.
Warning: 'random_mpm' is deprecated.
Warning: 'random_mpm' is deprecated.
Warning: 'generate_mpm_set' is deprecated.
Warning: 'random_mpm' is deprecated.
Warning: 'random_mpm' is deprecated.
Warning: 'random_mpm' is deprecated.
Warning: 'random_mpm' is deprecated.
Warning: 'random_mpm' is deprecated.
Warning: 'random_mpm' is deprecated.
Warning: 'random_mpm' is deprecated.
Warning: 'random_mpm' is deprecated.
Warning: 'random_mpm' is deprecated.
Warning: 'random_mpm' is deprecated.
Warning: 'random_mpm' is deprecated.
Warning: 'random_mpm' is deprecated.
Warning: 'random_mpm' is deprecated.
Warning: 'random_mpm' is deprecated.
Warning: 'random_mpm' is deprecated.
Warning: 'random_mpm' is deprecated.
Warning: 'random_mpm' is deprecated.
Warning: 'random_mpm' is deprecated.
Warning: 'random_mpm' is deprecated.
Warning: 'random_mpm' is deprecated.
Warning: 'random_mpm' is deprecated.
Warning: 'random_mpm' is deprecated.
Warning: 'random_mpm' is deprecated.
Warning: 'random_mpm' is deprecated.
Warning: 'random_mpm' is deprecated.
Warning: 'random_mpm' is deprecated.
Warning: 'random_mpm' is deprecated.
Warning: 'generate_mpm_set' is deprecated.
Warning: 'random_mpm' is deprecated.
Warning: 'random_mpm' is deprecated.
Warning: 'random_mpm' is deprecated.
Warning: 'random_mpm' is deprecated.
Warning: 'random_mpm' is deprecated.
Warning: 'random_mpm' is deprecated.
Warning: 'random_mpm' is deprecated.
Warning: 'random_mpm' is deprecated.
Warning: 'random_mpm' is deprecated.
Warning: 'random_mpm' is deprecated.
Warning: 'random_mpm' is deprecated.
Warning: 'random_mpm' is deprecated.
Warning: 'random_mpm' is deprecated.
Warning: 'random_mpm' is deprecated.
Warning: 'random_mpm' is deprecated.
Warning: 'random_mpm' is deprecated.
Warning: 'random_mpm' is deprecated.
Warning: 'random_mpm' is deprecated.
Warning: 'random_mpm' is deprecated.
Warning: 'random_mpm' is deprecated.
Warning: 'random_mpm' is deprecated.
Deprecated functions may be defunct as soon as of the next release of
R.
See ?Deprecated.
Flavors: r-oldrel-macos-arm64, r-oldrel-macos-x86_64, r-oldrel-windows-x86_64
These binaries (installable software) and packages are in development.
They may not be fully stable and should be used with caution. We make no claims about them.