Last updated on 2025-05-01 14:49:15 CEST.
Flavor | Version | Tinstall | Tcheck | Ttotal | Status | Flags |
---|---|---|---|---|---|---|
r-devel-linux-x86_64-debian-clang | 1.1.1 | 8.83 | 92.74 | 101.57 | NOTE | |
r-devel-linux-x86_64-debian-gcc | 1.1.1 | 5.87 | 63.21 | 69.08 | NOTE | |
r-devel-linux-x86_64-fedora-clang | 1.1.1 | 157.48 | OK | |||
r-devel-linux-x86_64-fedora-gcc | 1.1.1 | 151.86 | OK | |||
r-devel-windows-x86_64 | 1.1.1 | 9.00 | 109.00 | 118.00 | OK | |
r-patched-linux-x86_64 | 1.1.1 | 8.98 | 85.56 | 94.54 | OK | |
r-release-linux-x86_64 | OK | |||||
r-release-macos-arm64 | 1.1.1 | 43.00 | OK | |||
r-release-macos-x86_64 | 1.1.1 | 89.00 | OK | |||
r-release-windows-x86_64 | 1.1.1 | 11.00 | 110.00 | 121.00 | OK | |
r-oldrel-macos-arm64 | 1.1.1 | 39.00 | OK | |||
r-oldrel-macos-x86_64 | 1.1.1 | 59.00 | OK | |||
r-oldrel-windows-x86_64 | 1.1.1 | 12.00 | 133.00 | 145.00 | OK |
Version: 1.1.1
Check: CRAN incoming feasibility
Result: NOTE
Maintainer: ‘David Kahle <david@kahle.io>’
Package CITATION file contains call(s) to old-style citEntry(). Please
use bibentry() instead.
Flavors: r-devel-linux-x86_64-debian-clang, r-devel-linux-x86_64-debian-gcc
Version: 1.1.1
Check: examples
Result: NOTE
Examples with CPU (user + system) or elapsed time > 5s
user system elapsed
bezier 6.711 0.084 9.593
gradient 5.131 0.021 6.777
Flavor: r-devel-linux-x86_64-debian-clang
Version: 1.1.1
Check: examples
Result: NA
user system elapsed
bezier 4.055 0.14 6.135
OK
Flavor: r-devel-linux-x86_64-debian-gcc
These binaries (installable software) and packages are in development.
They may not be fully stable and should be used with caution. We make no claims about them.