CRAN Package Check Results for Package mpower

Last updated on 2025-11-02 03:51:45 CET.

Flavor Version Tinstall Tcheck Ttotal Status Flags
r-devel-linux-x86_64-debian-clang 0.1.0 7.71 73.05 80.76 NOTE
r-devel-linux-x86_64-debian-gcc 0.1.0 5.28 54.83 60.11 NOTE
r-devel-linux-x86_64-fedora-clang 0.1.0 16.00 105.82 121.82 OK
r-devel-linux-x86_64-fedora-gcc 0.1.0 16.00 98.27 114.27 OK
r-devel-windows-x86_64 0.1.0 9.00 89.00 98.00 OK
r-patched-linux-x86_64 0.1.0 6.96 67.15 74.11 OK
r-release-linux-x86_64 0.1.0 7.05 67.70 74.75 OK
r-release-macos-arm64 0.1.0 3.00 32.00 35.00 OK
r-release-macos-x86_64 0.1.0 6.00 59.00 65.00 OK
r-release-windows-x86_64 0.1.0 9.00 87.00 96.00 OK
r-oldrel-macos-arm64 0.1.0 3.00 38.00 41.00 OK
r-oldrel-macos-x86_64 0.1.0 5.00 48.00 53.00 OK
r-oldrel-windows-x86_64 0.1.0 12.00 113.00 125.00 OK

Check Details

Version: 0.1.0
Check: CRAN incoming feasibility
Result: NOTE Maintainer: ‘Phuc H. Nguyen <phuc.nguyen.rcran@gmail.com>’ The Description field contains Nguyen et al. (2022) <arXiv:2209.08036>. Please refer to arXiv e-prints via their arXiv DOI <doi:10.48550/arXiv.YYMM.NNNNN>. Flavors: r-devel-linux-x86_64-debian-clang, r-devel-linux-x86_64-debian-gcc

These binaries (installable software) and packages are in development.
They may not be fully stable and should be used with caution. We make no claims about them.