Last updated on 2025-05-01 15:49:37 CEST.
Flavor | Version | Tinstall | Tcheck | Ttotal | Status | Flags |
---|---|---|---|---|---|---|
r-devel-linux-x86_64-debian-clang | 1.5.0 | 18.18 | 320.52 | 338.70 | NOTE | |
r-devel-linux-x86_64-debian-gcc | 1.5.0 | 11.61 | 215.97 | 227.58 | OK | |
r-devel-linux-x86_64-fedora-clang | 1.5.0 | 512.77 | OK | |||
r-devel-linux-x86_64-fedora-gcc | 1.5.0 | 522.07 | OK | |||
r-devel-windows-x86_64 | 1.5.0 | 18.00 | 302.00 | 320.00 | OK | |
r-patched-linux-x86_64 | 1.5.0 | 19.68 | 300.00 | 319.68 | OK | |
r-release-linux-x86_64 | OK | |||||
r-release-macos-arm64 | 1.5.0 | 155.00 | OK | |||
r-release-macos-x86_64 | 1.5.0 | 314.00 | OK | |||
r-release-windows-x86_64 | 1.5.0 | 20.00 | 307.00 | 327.00 | OK | |
r-oldrel-macos-arm64 | 1.5.0 | 158.00 | OK | |||
r-oldrel-macos-x86_64 | 1.5.0 | 250.00 | OK | |||
r-oldrel-windows-x86_64 | 1.5.0 | 22.00 | 411.00 | 433.00 | OK |
Version: 1.5.0
Check: examples
Result: NOTE
Examples with CPU (user + system) or elapsed time > 5s
user system elapsed
mppGE_CIM 4.27 0.084 5.749
Flavor: r-devel-linux-x86_64-debian-clang
These binaries (installable software) and packages are in development.
They may not be fully stable and should be used with caution. We make no claims about them.