CRAN Package Check Results for Package mpr

Last updated on 2025-10-03 03:50:48 CEST.

Flavor Version Tinstall Tcheck Ttotal Status Flags
r-devel-linux-x86_64-debian-clang 1.0.6 6.24 60.05 66.29 NOTE
r-devel-linux-x86_64-debian-gcc 1.0.6 5.23 44.07 49.30 NOTE
r-devel-linux-x86_64-fedora-clang 1.0.6 100.10 OK
r-devel-linux-x86_64-fedora-gcc 1.0.6 101.62 OK
r-devel-windows-x86_64 1.0.6 8.00 74.00 82.00 OK
r-patched-linux-x86_64 1.0.6 7.46 57.44 64.90 OK
r-release-linux-x86_64 1.0.6 5.71 56.16 61.87 OK
r-release-macos-arm64 1.0.6 36.00 OK
r-release-macos-x86_64 1.0.6 53.00 OK
r-release-windows-x86_64 1.0.6 8.00 73.00 81.00 OK
r-oldrel-macos-arm64 1.0.6 32.00 OK
r-oldrel-macos-x86_64 1.0.6 49.00 OK
r-oldrel-windows-x86_64 1.0.6 11.00 86.00 97.00 OK

Check Details

Version: 1.0.6
Check: CRAN incoming feasibility
Result: NOTE Maintainer: ‘Kevin Burke <kevin.burke@ul.ie>’ No Authors@R field in DESCRIPTION. Please add one, modifying Authors@R: person(given = "Kevin", family = "Burke", role = c("aut", "cre"), email = "kevin.burke@ul.ie") as necessary. Flavors: r-devel-linux-x86_64-debian-clang, r-devel-linux-x86_64-debian-gcc

These binaries (installable software) and packages are in development.
They may not be fully stable and should be used with caution. We make no claims about them.