CRAN Package Check Results for Package mpr

Last updated on 2025-07-01 17:55:21 CEST.

Flavor Version Tinstall Tcheck Ttotal Status Flags
r-devel-linux-x86_64-debian-clang 1.0.6 7.70 59.25 66.95 NOTE
r-devel-linux-x86_64-debian-gcc 1.0.6 5.59 43.10 48.69 NOTE
r-devel-linux-x86_64-fedora-clang 1.0.6 97.97 OK
r-devel-linux-x86_64-fedora-gcc 1.0.6 96.02 OK
r-devel-windows-x86_64 1.0.6 7.00 79.00 86.00 OK
r-patched-linux-x86_64 OK
r-release-linux-x86_64 1.0.6 6.91 54.92 61.83 OK
r-release-macos-arm64 1.0.6 36.00 OK
r-release-macos-x86_64 1.0.6 53.00 OK
r-release-windows-x86_64 1.0.6 9.00 74.00 83.00 OK
r-oldrel-macos-arm64 1.0.6 32.00 OK
r-oldrel-macos-x86_64 1.0.6 49.00 OK
r-oldrel-windows-x86_64 1.0.6 10.00 88.00 98.00 OK

Check Details

Version: 1.0.6
Check: CRAN incoming feasibility
Result: NOTE Maintainer: ‘Kevin Burke <kevin.burke@ul.ie>’ No Authors@R field in DESCRIPTION. Please add one, modifying Authors@R: person(given = "Kevin", family = "Burke", role = c("aut", "cre"), email = "kevin.burke@ul.ie") as necessary. Flavors: r-devel-linux-x86_64-debian-clang, r-devel-linux-x86_64-debian-gcc

These binaries (installable software) and packages are in development.
They may not be fully stable and should be used with caution. We make no claims about them.