Last updated on 2025-05-01 15:49:37 CEST.
Flavor | Version | Tinstall | Tcheck | Ttotal | Status | Flags |
---|---|---|---|---|---|---|
r-devel-linux-x86_64-debian-clang | 1.0-0 | 2.50 | 60.67 | 63.17 | NOTE | |
r-devel-linux-x86_64-debian-gcc | 1.0-0 | 2.06 | 43.14 | 45.20 | OK | |
r-devel-linux-x86_64-fedora-clang | 1.0-0 | 97.55 | OK | |||
r-devel-linux-x86_64-fedora-gcc | 1.0-0 | 112.41 | OK | |||
r-devel-windows-x86_64 | 1.0-0 | 4.00 | 83.00 | 87.00 | OK | |
r-patched-linux-x86_64 | 1.0-0 | 3.15 | 57.71 | 60.86 | OK | |
r-release-linux-x86_64 | OK | |||||
r-release-macos-arm64 | 1.0-0 | 44.00 | OK | |||
r-release-macos-x86_64 | 1.0-0 | 89.00 | OK | |||
r-release-windows-x86_64 | 1.0-0 | 4.00 | 85.00 | 89.00 | OK | |
r-oldrel-macos-arm64 | 1.0-0 | 54.00 | OK | |||
r-oldrel-macos-x86_64 | 1.0-0 | 73.00 | OK | |||
r-oldrel-windows-x86_64 | 1.0-0 | 4.00 | 98.00 | 102.00 | OK |
Version: 1.0-0
Check: examples
Result: NOTE
Examples with CPU (user + system) or elapsed time > 5s
user system elapsed
selectiontask 6.489 0.028 7.787
proact 5.170 0.026 5.807
simulate.mpt 3.339 0.003 5.576
Flavor: r-devel-linux-x86_64-debian-clang
These binaries (installable software) and packages are in development.
They may not be fully stable and should be used with caution. We make no claims about them.