CRAN Package Check Results for Package mr.pivw

Last updated on 2025-11-11 15:50:40 CET.

Flavor Version Tinstall Tcheck Ttotal Status Flags
r-devel-linux-x86_64-debian-clang 0.1.1 1.81 19.89 21.70 NOTE
r-devel-linux-x86_64-debian-gcc 0.1.1 1.42 16.47 17.89 NOTE
r-devel-linux-x86_64-fedora-clang 0.1.1 31.43 OK
r-devel-linux-x86_64-fedora-gcc 0.1.1 30.66 OK
r-devel-windows-x86_64 0.1.1 3.00 35.00 38.00 OK
r-patched-linux-x86_64 0.1.1 1.89 18.98 20.87 OK
r-release-linux-x86_64 0.1.1 1.57 19.05 20.62 OK
r-release-macos-arm64 0.1.1 1.00 17.00 18.00 OK
r-release-macos-x86_64 0.1.1 2.00 25.00 27.00 OK
r-release-windows-x86_64 0.1.1 3.00 35.00 38.00 OK
r-oldrel-macos-arm64 0.1.1 1.00 14.00 15.00 OK
r-oldrel-macos-x86_64 0.1.1 2.00 20.00 22.00 OK
r-oldrel-windows-x86_64 0.1.1 3.00 41.00 44.00 OK

Check Details

Version: 0.1.1
Check: CRAN incoming feasibility
Result: NOTE Maintainer: ‘Siqi Xu <sqxu@hku.hk>’ No Authors@R field in DESCRIPTION. Please add one, modifying Authors@R: person(given = "Siqi", family = "Xu", role = c("aut", "cre"), email = "sqxu@hku.hk") as necessary. Flavors: r-devel-linux-x86_64-debian-clang, r-devel-linux-x86_64-debian-gcc

These binaries (installable software) and packages are in development.
They may not be fully stable and should be used with caution. We make no claims about them.