CRAN Package Check Results for Package mr.pivw

Last updated on 2025-10-09 17:50:44 CEST.

Flavor Version Tinstall Tcheck Ttotal Status Flags
r-devel-linux-x86_64-debian-clang 0.1.1 1.79 19.94 21.73 NOTE
r-devel-linux-x86_64-debian-gcc 0.1.1 1.37 16.38 17.75 NOTE
r-devel-linux-x86_64-fedora-clang 0.1.1 32.88 OK
r-devel-linux-x86_64-fedora-gcc 0.1.1 30.55 OK
r-devel-windows-x86_64 0.1.1 4.00 38.00 42.00 OK
r-patched-linux-x86_64 0.1.1 1.68 18.92 20.60 OK
r-release-linux-x86_64 0.1.1 1.53 18.91 20.44 OK
r-release-macos-arm64 0.1.1 18.00 OK
r-release-macos-x86_64 0.1.1 27.00 OK
r-release-windows-x86_64 0.1.1 2.00 47.00 49.00 OK
r-oldrel-macos-arm64 0.1.1 15.00 OK
r-oldrel-macos-x86_64 0.1.1 22.00 OK
r-oldrel-windows-x86_64 0.1.1 3.00 41.00 44.00 OK

Check Details

Version: 0.1.1
Check: CRAN incoming feasibility
Result: NOTE Maintainer: ‘Siqi Xu <sqxu@hku.hk>’ No Authors@R field in DESCRIPTION. Please add one, modifying Authors@R: person(given = "Siqi", family = "Xu", role = c("aut", "cre"), email = "sqxu@hku.hk") as necessary. Flavors: r-devel-linux-x86_64-debian-clang, r-devel-linux-x86_64-debian-gcc

These binaries (installable software) and packages are in development.
They may not be fully stable and should be used with caution. We make no claims about them.