Last updated on 2025-05-01 08:52:39 CEST.
Flavor | Version | Tinstall | Tcheck | Ttotal | Status | Flags |
---|---|---|---|---|---|---|
r-devel-linux-x86_64-debian-clang | 4.0.2 | 35.76 | 128.08 | 163.84 | NOTE | |
r-devel-linux-x86_64-debian-gcc | 4.0.2 | 23.79 | 93.82 | 117.61 | NOTE | |
r-devel-linux-x86_64-fedora-clang | 4.0.2 | 260.52 | OK | |||
r-devel-linux-x86_64-fedora-gcc | 4.0.2 | 250.63 | OK | |||
r-devel-windows-x86_64 | 4.0.2 | 40.00 | 160.00 | 200.00 | OK | |
r-patched-linux-x86_64 | 4.0.2 | 32.12 | 122.51 | 154.63 | OK | |
r-release-linux-x86_64 | OK | |||||
r-release-macos-arm64 | 4.0.2 | 75.00 | OK | |||
r-release-macos-x86_64 | 4.0.2 | 149.00 | OK | |||
r-release-windows-x86_64 | 4.0.2 | 42.00 | 171.00 | 213.00 | OK | |
r-oldrel-macos-arm64 | 4.0.2 | 76.00 | NOTE | |||
r-oldrel-macos-x86_64 | 4.0.2 | 122.00 | NOTE | |||
r-oldrel-windows-x86_64 | 4.0.2 | 47.00 | 209.00 | 256.00 | OK |
Version: 4.0.2
Check: CRAN incoming feasibility
Result: NOTE
Maintainer: ‘Yuanming Zhang<soyzhang@mail.hzau.edu.cn>’
No Authors@R field in DESCRIPTION.
Please add one, modifying
Authors@R: c(person(given = "Zhang",
family = "Ya-Wen",
role = "aut"),
person(given = "Li",
family = "Pei",
role = "aut"),
person(given = "Zhang",
family = "Yuan-Ming",
role = "aut"),
person(given = "Yuanming",
family = "Zhang",
role = "cre",
email = "soyzhang@mail.hzau.edu.cn"))
as necessary.
Flavors: r-devel-linux-x86_64-debian-clang, r-devel-linux-x86_64-debian-gcc
Version: 4.0.2
Check: examples
Result: NOTE
Examples with CPU (user + system) or elapsed time > 5s
user system elapsed
FASTmrMLM 1.760 0.271 6.901
pLARmEB 1.926 0.087 9.039
FASTmrEMMA 1.971 0.008 6.436
pKWmEB 1.943 0.008 7.547
ISIS 1.471 0.066 5.582
mrMLMFun 1.414 0.053 6.332
Flavor: r-devel-linux-x86_64-debian-clang
Version: 4.0.2
Check: examples
Result: NA
user system elapsed
pKWmEB 2.165 0.072 7.773
FASTmrMLM 1.782 0.084 5.054
FASTmrEMMA 1.778 0.080 5.198
pLARmEB 1.794 0.045 9.954
ISIS 1.459 0.078 5.351
OK
Flavor: r-devel-linux-x86_64-debian-gcc
Version: 4.0.2
Check: installed package size
Result: NOTE
installed size is 5.2Mb
sub-directories of 1Mb or more:
extdata 1.7Mb
libs 2.3Mb
Flavors: r-oldrel-macos-arm64, r-oldrel-macos-x86_64
These binaries (installable software) and packages are in development.
They may not be fully stable and should be used with caution. We make no claims about them.