Last updated on 2025-02-16 08:50:55 CET.
Flavor | Version | Tinstall | Tcheck | Ttotal | Status | Flags |
---|---|---|---|---|---|---|
r-devel-linux-x86_64-debian-clang | 0.5.2 | 476.43 | 153.93 | 630.36 | OK | |
r-devel-linux-x86_64-debian-gcc | 0.5.2 | 458.63 | 149.97 | 608.60 | OK | |
r-devel-linux-x86_64-fedora-clang | 0.5.2 | 1033.03 | OK | |||
r-devel-linux-x86_64-fedora-gcc | 0.5.2 | 1487.37 | OK | |||
r-devel-macos-arm64 | 0.5.2 | 282.00 | OK | |||
r-devel-macos-x86_64 | 0.5.2 | 350.00 | OK | |||
r-devel-windows-x86_64 | 0.5.2 | 493.00 | 214.00 | 707.00 | OK | |
r-patched-linux-x86_64 | 0.5.2 | 602.63 | 199.68 | 802.31 | NOTE | |
r-release-linux-x86_64 | 0.5.2 | 574.57 | 197.57 | 772.14 | NOTE | |
r-release-macos-arm64 | 0.5.2 | 141.00 | NOTE | |||
r-release-macos-x86_64 | 0.5.2 | 143.00 | NOTE | |||
r-release-windows-x86_64 | 0.5.2 | 490.00 | 221.00 | 711.00 | NOTE | |
r-oldrel-macos-arm64 | 0.5.2 | 516.00 | NOTE | |||
r-oldrel-macos-x86_64 | 0.5.2 | 361.00 | NOTE | |||
r-oldrel-windows-x86_64 | 0.5.2 | 649.00 | 278.00 | 927.00 | NOTE |
Version: 0.5.2
Check: for GNU extensions in Makefiles
Result: NOTE
GNU make is a SystemRequirements.
Flavors: r-patched-linux-x86_64, r-release-linux-x86_64, r-release-macos-arm64, r-release-macos-x86_64, r-release-windows-x86_64, r-oldrel-macos-arm64, r-oldrel-macos-x86_64, r-oldrel-windows-x86_64
Version: 0.5.2
Check: installed package size
Result: NOTE
installed size is 92.1Mb
sub-directories of 1Mb or more:
libs 91.8Mb
Flavors: r-release-macos-arm64, r-release-macos-x86_64, r-oldrel-macos-arm64, r-oldrel-macos-x86_64
These binaries (installable software) and packages are in development.
They may not be fully stable and should be used with caution. We make no claims about them.