Last updated on 2025-05-29 01:49:35 CEST.
Flavor | Version | Tinstall | Tcheck | Ttotal | Status | Flags |
---|---|---|---|---|---|---|
r-devel-linux-x86_64-debian-clang | 0.5.2 | 489.08 | 161.89 | 650.97 | OK | |
r-devel-linux-x86_64-debian-gcc | 0.5.2 | 459.22 | 153.74 | 612.96 | OK | |
r-devel-linux-x86_64-fedora-clang | 0.5.2 | 1029.15 | OK | |||
r-devel-linux-x86_64-fedora-gcc | 0.5.2 | 1370.28 | OK | |||
r-devel-windows-x86_64 | 0.5.2 | 579.00 | 226.00 | 805.00 | OK | |
r-patched-linux-x86_64 | 0.5.2 | 595.81 | 203.37 | 799.18 | OK | |
r-release-linux-x86_64 | 0.5.2 | 567.59 | 208.82 | 776.41 | OK | |
r-release-macos-arm64 | 0.5.2 | 266.00 | OK | |||
r-release-macos-x86_64 | 0.5.2 | 350.00 | OK | |||
r-release-windows-x86_64 | 0.5.2 | 560.00 | 222.00 | 782.00 | OK | |
r-oldrel-macos-arm64 | 0.5.2 | 141.00 | NOTE | |||
r-oldrel-macos-x86_64 | 0.5.2 | 143.00 | NOTE | |||
r-oldrel-windows-x86_64 | 0.5.2 | 635.00 | 283.00 | 918.00 | NOTE |
Version: 0.5.2
Check: installed package size
Result: NOTE
installed size is 92.1Mb
sub-directories of 1Mb or more:
libs 91.8Mb
Flavors: r-oldrel-macos-arm64, r-oldrel-macos-x86_64
Version: 0.5.2
Check: for GNU extensions in Makefiles
Result: NOTE
GNU make is a SystemRequirements.
Flavors: r-oldrel-macos-arm64, r-oldrel-macos-x86_64, r-oldrel-windows-x86_64
These binaries (installable software) and packages are in development.
They may not be fully stable and should be used with caution. We make no claims about them.