CRAN Package Check Results for Package mrbayes

Last updated on 2025-07-22 19:51:54 CEST.

Flavor Version Tinstall Tcheck Ttotal Status Flags
r-devel-linux-x86_64-debian-clang 0.5.2 494.09 162.10 656.19 OK
r-devel-linux-x86_64-debian-gcc 0.5.2 456.85 154.52 611.37 OK
r-devel-linux-x86_64-fedora-clang 0.5.2 1082.43 OK
r-devel-linux-x86_64-fedora-gcc 0.5.2 1375.27 OK
r-devel-windows-x86_64 0.5.2 577.00 222.00 799.00 OK
r-patched-linux-x86_64 0.5.2 565.06 206.26 771.32 OK
r-release-linux-x86_64 0.5.2 574.57 206.29 780.86 OK
r-release-macos-arm64 0.5.2 266.00 OK
r-release-macos-x86_64 0.5.2 350.00 OK
r-release-windows-x86_64 0.5.2 566.00 237.00 803.00 OK
r-oldrel-macos-arm64 0.5.2 141.00 NOTE
r-oldrel-macos-x86_64 0.5.2 143.00 NOTE
r-oldrel-windows-x86_64 0.5.2 638.00 296.00 934.00 NOTE

Check Details

Version: 0.5.2
Check: installed package size
Result: NOTE installed size is 92.1Mb sub-directories of 1Mb or more: libs 91.8Mb Flavors: r-oldrel-macos-arm64, r-oldrel-macos-x86_64

Version: 0.5.2
Check: for GNU extensions in Makefiles
Result: NOTE GNU make is a SystemRequirements. Flavors: r-oldrel-macos-arm64, r-oldrel-macos-x86_64, r-oldrel-windows-x86_64

These binaries (installable software) and packages are in development.
They may not be fully stable and should be used with caution. We make no claims about them.