Last updated on 2025-11-13 21:50:02 CET.
| Flavor | Version | Tinstall | Tcheck | Ttotal | Status | Flags |
|---|---|---|---|---|---|---|
| r-devel-linux-x86_64-debian-clang | 0.0.1.0 | 12.38 | 122.60 | 134.98 | NOTE | |
| r-devel-linux-x86_64-debian-gcc | 0.0.1.0 | 8.22 | 85.66 | 93.88 | NOTE | |
| r-devel-linux-x86_64-fedora-clang | 0.0.1.0 | 26.00 | 179.24 | 205.24 | OK | |
| r-devel-linux-x86_64-fedora-gcc | 0.0.1.0 | 21.00 | 173.96 | 194.96 | OK | |
| r-devel-windows-x86_64 | 0.0.1.0 | 13.00 | 124.00 | 137.00 | OK | |
| r-patched-linux-x86_64 | 0.0.1.0 | 9.98 | 114.16 | 124.14 | OK | |
| r-release-linux-x86_64 | 0.0.1.0 | 11.08 | 114.86 | 125.94 | OK | |
| r-release-macos-arm64 | 0.0.1.0 | 6.00 | 60.00 | 66.00 | OK | |
| r-release-macos-x86_64 | 0.0.1.0 | 12.00 | 117.00 | 129.00 | OK | |
| r-release-windows-x86_64 | 0.0.1.0 | 13.00 | 123.00 | 136.00 | OK | |
| r-oldrel-macos-arm64 | 0.0.1.0 | 5.00 | 60.00 | 65.00 | OK | |
| r-oldrel-macos-x86_64 | 0.0.1.0 | 10.00 | 83.00 | 93.00 | OK | |
| r-oldrel-windows-x86_64 | 0.0.1.0 | 18.00 | 154.00 | 172.00 | OK |
Version: 0.0.1.0
Check: CRAN incoming feasibility
Result: NOTE
Maintainer: ‘Jeremy Oguamalam <jeremy.oguamalam@tuwien.ac.at>’
The Description field contains
implementation of Oguamalam et al. (2023) <arXiv:2307.13509>.
Please refer to arXiv e-prints via their arXiv DOI <doi:10.48550/arXiv.YYMM.NNNNN>.
Flavors: r-devel-linux-x86_64-debian-clang, r-devel-linux-x86_64-debian-gcc
These binaries (installable software) and packages are in development.
They may not be fully stable and should be used with caution. We make no claims about them.