Last updated on 2025-07-21 19:49:49 CEST.
Flavor | Version | Tinstall | Tcheck | Ttotal | Status | Flags |
---|---|---|---|---|---|---|
r-devel-linux-x86_64-debian-clang | 1.0.17 | 76.52 | 101.48 | 178.00 | OK | |
r-devel-linux-x86_64-debian-gcc | 1.0.17 | 51.59 | 76.09 | 127.68 | OK | |
r-devel-linux-x86_64-fedora-clang | 1.0.17 | 319.14 | OK | |||
r-devel-linux-x86_64-fedora-gcc | 1.0.17 | 286.43 | OK | |||
r-devel-windows-x86_64 | 1.0.17 | 89.00 | 138.00 | 227.00 | OK | |
r-patched-linux-x86_64 | 1.0.17 | 73.21 | 102.59 | 175.80 | OK | |
r-release-linux-x86_64 | 1.0.17 | 68.66 | 100.60 | 169.26 | OK | |
r-release-macos-arm64 | 1.0.17 | 79.00 | OK | |||
r-release-macos-x86_64 | 1.0.17 | 112.00 | OK | |||
r-release-windows-x86_64 | 1.0.17 | 88.00 | 135.00 | 223.00 | OK | |
r-oldrel-macos-arm64 | 1.0.17 | 79.00 | NOTE | |||
r-oldrel-macos-x86_64 | 1.0.17 | 90.00 | NOTE | |||
r-oldrel-windows-x86_64 | 1.0.17 | 102.00 | 177.00 | 279.00 | OK |
Version: 1.0.17
Check: installed package size
Result: NOTE
installed size is 14.1Mb
sub-directories of 1Mb or more:
data 1.6Mb
libs 12.1Mb
Flavors: r-oldrel-macos-arm64, r-oldrel-macos-x86_64
These binaries (installable software) and packages are in development.
They may not be fully stable and should be used with caution. We make no claims about them.