Last updated on 2025-05-01 14:49:15 CEST.
Flavor | Version | Tinstall | Tcheck | Ttotal | Status | Flags |
---|---|---|---|---|---|---|
r-devel-linux-x86_64-debian-clang | 0.2.1 | 6.07 | 90.57 | 96.64 | NOTE | |
r-devel-linux-x86_64-debian-gcc | 0.2.1 | 4.53 | 65.47 | 70.00 | NOTE | |
r-devel-linux-x86_64-fedora-clang | 0.2.1 | 156.56 | OK | |||
r-devel-linux-x86_64-fedora-gcc | 0.2.1 | 156.72 | OK | |||
r-devel-windows-x86_64 | 0.2.1 | 9.00 | 117.00 | 126.00 | NOTE | |
r-patched-linux-x86_64 | 0.2.1 | 6.95 | 83.60 | 90.55 | NOTE | |
r-release-linux-x86_64 | NOTE | |||||
r-release-macos-arm64 | 0.2.1 | 56.00 | OK | |||
r-release-macos-x86_64 | 0.2.1 | 103.00 | OK | |||
r-release-windows-x86_64 | 0.2.1 | 8.00 | 123.00 | 131.00 | NOTE | |
r-oldrel-macos-arm64 | 0.2.1 | 54.00 | OK | |||
r-oldrel-macos-x86_64 | 0.2.1 | 81.00 | OK | |||
r-oldrel-windows-x86_64 | 0.2.1 | 9.00 | 136.00 | 145.00 | OK |
Version: 0.2.1
Check: CRAN incoming feasibility
Result: NOTE
Maintainer: ‘Kyle Baron <kylebtwin@imap.cc>’
No Authors@R field in DESCRIPTION.
Please add one, modifying
Authors@R: person(given = "Kyle",
family = "Baron",
role = c("aut", "cre"),
email = "kylebtwin@imap.cc")
as necessary.
Flavors: r-devel-linux-x86_64-debian-clang, r-devel-linux-x86_64-debian-gcc
Version: 0.2.1
Check: Rd cross-references
Result: NOTE
Found the following Rd file(s) with Rd \link{} targets missing package
anchors:
parallel_mrgsim_d.Rd: mrgsim_d, future_lapply
parallel_mrgsim_ei.Rd: mrgsim_d, future_lapply
Please provide package anchors for all Rd \link{} targets not in the
package itself and the base packages.
Flavors: r-devel-linux-x86_64-debian-clang, r-devel-linux-x86_64-debian-gcc, r-devel-windows-x86_64, r-patched-linux-x86_64, r-release-linux-x86_64, r-release-windows-x86_64
These binaries (installable software) and packages are in development.
They may not be fully stable and should be used with caution. We make no claims about them.