CRAN Package Check Results for Package mrgsim.parallel

Last updated on 2025-10-23 11:50:20 CEST.

Flavor Version Tinstall Tcheck Ttotal Status Flags
r-devel-linux-x86_64-debian-clang 0.3.0 6.80 108.25 115.05 NOTE
r-devel-linux-x86_64-debian-gcc 0.3.0 5.01 76.44 81.45 OK
r-devel-linux-x86_64-fedora-clang 0.3.0 15.00 167.38 182.38 OK
r-devel-linux-x86_64-fedora-gcc 0.3.0 14.00 166.07 180.07 OK
r-devel-windows-x86_64 0.3.0 8.00 124.00 132.00 OK
r-patched-linux-x86_64 0.3.0 7.06 98.39 105.45 OK
r-release-linux-x86_64 0.3.0 6.39 97.36 103.75 OK
r-release-macos-arm64 0.3.0 3.00 54.00 57.00 OK
r-release-macos-x86_64 0.3.0 5.00 109.00 114.00 OK
r-release-windows-x86_64 0.3.0 9.00 129.00 138.00 OK
r-oldrel-macos-arm64 0.3.0 3.00 59.00 62.00 OK
r-oldrel-macos-x86_64 0.3.0 6.00 113.00 119.00 OK
r-oldrel-windows-x86_64 0.3.0 10.00 152.00 162.00 OK

Check Details

Version: 0.3.0
Check: HTML version of manual
Result: NOTE Found the following HTML validation problems: is_locker_dir.html:46:1 (is_locker_dir.Rd:10): Warning: missing </ul> before </div> list_fst.html:47:1 (list_fst.Rd:10): Warning: missing </ul> before </div> temp_ds.html:46:1 (temp_ds.Rd:10): Warning: missing </ul> before </div> Flavor: r-devel-linux-x86_64-debian-clang

These binaries (installable software) and packages are in development.
They may not be fully stable and should be used with caution. We make no claims about them.