Last updated on 2025-11-11 15:50:40 CET.
| Flavor | Version | Tinstall | Tcheck | Ttotal | Status | Flags |
|---|---|---|---|---|---|---|
| r-devel-linux-x86_64-debian-clang | 1.6.1 | 98.54 | 147.54 | 246.08 | OK | |
| r-devel-linux-x86_64-debian-gcc | 1.6.1 | 67.59 | 94.14 | 161.73 | OK | |
| r-devel-linux-x86_64-fedora-clang | 1.6.1 | 216.00 | 208.41 | 424.41 | OK | |
| r-devel-linux-x86_64-fedora-gcc | 1.6.1 | 168.00 | 218.22 | 386.22 | OK | |
| r-devel-windows-x86_64 | 1.6.1 | 140.00 | 193.00 | 333.00 | OK | |
| r-patched-linux-x86_64 | 1.6.1 | 103.12 | 135.84 | 238.96 | OK | |
| r-release-linux-x86_64 | 1.6.1 | 97.96 | 134.50 | 232.46 | OK | |
| r-release-macos-arm64 | 1.6.1 | 34.00 | 55.00 | 89.00 | OK | |
| r-release-macos-x86_64 | 1.6.1 | 40.00 | 112.00 | 152.00 | OK | |
| r-release-windows-x86_64 | 1.6.1 | 140.00 | 197.00 | 337.00 | OK | |
| r-oldrel-macos-arm64 | 1.6.1 | 32.00 | 61.00 | 93.00 | NOTE | |
| r-oldrel-macos-x86_64 | 1.6.1 | 41.00 | 114.00 | 155.00 | NOTE | |
| r-oldrel-windows-x86_64 | 1.6.1 | 162.00 | 240.00 | 402.00 | OK |
Version: 1.6.1
Check: installed package size
Result: NOTE
installed size is 7.5Mb
sub-directories of 1Mb or more:
libs 5.5Mb
Flavors: r-oldrel-macos-arm64, r-oldrel-macos-x86_64
These binaries (installable software) and packages are in development.
They may not be fully stable and should be used with caution. We make no claims about them.