CRAN Package Check Results for Package mritc

Last updated on 2025-07-23 05:48:50 CEST.

Flavor Version Tinstall Tcheck Ttotal Status Flags
r-devel-linux-x86_64-debian-clang 0.5-3 10.41 68.56 78.97 NOTE
r-devel-linux-x86_64-debian-gcc 0.5-3 8.89 57.73 66.62 NOTE
r-devel-linux-x86_64-fedora-clang 0.5-3 135.43 OK
r-devel-linux-x86_64-fedora-gcc 0.5-3 123.31 OK
r-devel-windows-x86_64 0.5-3 16.00 83.00 99.00 OK
r-patched-linux-x86_64 0.5-3 10.52 64.05 74.57 OK
r-release-linux-x86_64 0.5-3 9.88 63.88 73.76 OK
r-release-windows-x86_64 0.5-3 17.00 89.00 106.00 OK
r-oldrel-windows-x86_64 0.5-3 20.00 98.00 118.00 OK

Check Details

Version: 0.5-3
Check: CRAN incoming feasibility
Result: NOTE Maintainer: ‘Jon Clayden <code@clayden.org>’ Package CITATION file contains call(s) to old-style personList() or as.personList(). Please use c() on person objects instead. Package CITATION file contains call(s) to old-style citEntry(). Please use bibentry() instead. Flavors: r-devel-linux-x86_64-debian-clang, r-devel-linux-x86_64-debian-gcc

These binaries (installable software) and packages are in development.
They may not be fully stable and should be used with caution. We make no claims about them.