CRAN Package Check Results for Package mro

Last updated on 2025-02-16 08:50:55 CET.

Flavor Version Tinstall Tcheck Ttotal Status Flags
r-devel-linux-x86_64-debian-clang 0.1.1 1.63 18.15 19.78 OK
r-devel-linux-x86_64-debian-gcc 0.1.1 1.40 15.36 16.76 OK
r-devel-linux-x86_64-fedora-clang 0.1.1 31.95 OK
r-devel-linux-x86_64-fedora-gcc 0.1.1 30.33 OK
r-devel-macos-arm64 0.1.1 18.00 OK
r-devel-macos-x86_64 0.1.1 31.00 OK
r-devel-windows-x86_64 0.1.1 2.00 41.00 43.00 OK
r-patched-linux-x86_64 0.1.1 1.68 17.16 18.84 NOTE
r-release-linux-x86_64 0.1.1 1.59 17.26 18.85 NOTE
r-release-macos-arm64 0.1.1 14.00 NOTE
r-release-macos-x86_64 0.1.1 22.00 NOTE
r-release-windows-x86_64 0.1.1 2.00 57.00 59.00 NOTE
r-oldrel-macos-arm64 0.1.1 17.00 NOTE
r-oldrel-macos-x86_64 0.1.1 19.00 NOTE
r-oldrel-windows-x86_64 0.1.1 3.00 42.00 45.00 NOTE

Check Details

Version: 0.1.1
Check: LazyData
Result: NOTE 'LazyData' is specified without a 'data' directory Flavors: r-patched-linux-x86_64, r-release-linux-x86_64, r-release-macos-arm64, r-release-macos-x86_64, r-release-windows-x86_64, r-oldrel-macos-arm64, r-oldrel-macos-x86_64, r-oldrel-windows-x86_64

These binaries (installable software) and packages are in development.
They may not be fully stable and should be used with caution. We make no claims about them.