Last updated on 2025-05-07 21:53:53 CEST.
Flavor | Version | Tinstall | Tcheck | Ttotal | Status | Flags |
---|---|---|---|---|---|---|
r-devel-linux-x86_64-debian-clang | 0.1.0 | 2.25 | 26.24 | 28.49 | NOTE | |
r-devel-linux-x86_64-debian-gcc | 0.1.0 | 1.82 | 19.62 | 21.44 | NOTE | |
r-devel-linux-x86_64-fedora-clang | 0.1.0 | 45.22 | OK | |||
r-devel-linux-x86_64-fedora-gcc | 0.1.0 | 42.00 | OK | |||
r-devel-windows-x86_64 | 0.1.0 | 3.00 | 49.00 | 52.00 | OK | |
r-patched-linux-x86_64 | 0.1.0 | 2.33 | 24.50 | 26.83 | OK | |
r-release-linux-x86_64 | 0.1.0 | 2.23 | 24.73 | 26.96 | OK | |
r-release-macos-arm64 | 0.1.0 | 21.00 | OK | |||
r-release-macos-x86_64 | 0.1.0 | 32.00 | OK | |||
r-release-windows-x86_64 | 0.1.0 | 3.00 | 49.00 | 52.00 | OK | |
r-oldrel-macos-arm64 | 0.1.0 | 18.00 | OK | |||
r-oldrel-macos-x86_64 | 0.1.0 | 30.00 | OK | |||
r-oldrel-windows-x86_64 | 0.1.0 | 3.00 | 54.00 | 57.00 | OK |
Version: 0.1.0
Check: CRAN incoming feasibility
Result: NOTE
Maintainer: ‘Novia Permatasari <novia.permatasari@bps.go.id>’
No Authors@R field in DESCRIPTION.
Please add one, modifying
Authors@R: c(person(given = "Azka",
family = "Ubaidillah",
role = "aut"),
person(given = "Novia",
family = "Permatasari",
role = c("aut", "cre"),
email = "novia.permatasari@bps.go.id"))
as necessary.
Flavors: r-devel-linux-x86_64-debian-clang, r-devel-linux-x86_64-debian-gcc
These binaries (installable software) and packages are in development.
They may not be fully stable and should be used with caution. We make no claims about them.