CRAN Package Check Results for Package msamp

Last updated on 2025-10-28 13:50:28 CET.

Flavor Version Tinstall Tcheck Ttotal Status Flags
r-devel-linux-x86_64-debian-clang 1.0.0 1.69 21.92 23.61 NOTE
r-devel-linux-x86_64-debian-gcc 1.0.0 1.29 17.76 19.05 NOTE
r-devel-linux-x86_64-fedora-clang 1.0.0 35.88 NOTE
r-devel-linux-x86_64-fedora-gcc 1.0.0 48.51 NOTE
r-devel-windows-x86_64 1.0.0 2.00 41.00 43.00 NOTE
r-patched-linux-x86_64 1.0.0 1.74 20.69 22.43 NOTE
r-release-linux-x86_64 1.0.0 1.53 20.59 22.12 NOTE
r-release-macos-arm64 1.0.0 1.00 30.00 31.00 NOTE
r-release-macos-x86_64 1.0.0 2.00 50.00 52.00 NOTE
r-release-windows-x86_64 1.0.0 3.00 42.00 45.00 NOTE
r-oldrel-macos-arm64 1.0.0 1.00 21.00 22.00 NOTE
r-oldrel-macos-x86_64 1.0.0 2.00 36.00 38.00 NOTE
r-oldrel-windows-x86_64 1.0.0 3.00 47.00 50.00 NOTE

Check Details

Version: 1.0.0
Check: Rd files
Result: NOTE checkRd: (-1) n.Rd:46: Lost braces in \itemize; \value handles \item{}{} directly checkRd: (-1) n.Rd:47-48: Lost braces in \itemize; \value handles \item{}{} directly checkRd: (-1) n.Rd:49-50: Lost braces in \itemize; \value handles \item{}{} directly Flavors: r-devel-linux-x86_64-debian-clang, r-devel-linux-x86_64-debian-gcc, r-devel-linux-x86_64-fedora-clang, r-devel-linux-x86_64-fedora-gcc, r-devel-windows-x86_64, r-patched-linux-x86_64, r-release-linux-x86_64, r-release-macos-arm64, r-release-macos-x86_64, r-release-windows-x86_64, r-oldrel-macos-arm64, r-oldrel-macos-x86_64, r-oldrel-windows-x86_64

These binaries (installable software) and packages are in development.
They may not be fully stable and should be used with caution. We make no claims about them.