Last updated on 2025-02-16 08:50:55 CET.
Flavor | Version | Tinstall | Tcheck | Ttotal | Status | Flags |
---|---|---|---|---|---|---|
r-devel-linux-x86_64-debian-clang | 1.0.0 | 1.71 | 19.78 | 21.49 | NOTE | |
r-devel-linux-x86_64-debian-gcc | 1.0.0 | 1.37 | 16.26 | 17.63 | NOTE | |
r-devel-linux-x86_64-fedora-clang | 1.0.0 | 35.93 | NOTE | |||
r-devel-linux-x86_64-fedora-gcc | 1.0.0 | 46.65 | NOTE | |||
r-devel-macos-arm64 | 1.0.0 | 23.00 | NOTE | |||
r-devel-macos-x86_64 | 1.0.0 | 50.00 | NOTE | |||
r-devel-windows-x86_64 | 1.0.0 | 2.00 | 42.00 | 44.00 | NOTE | |
r-patched-linux-x86_64 | 1.0.0 | 1.74 | 19.08 | 20.82 | NOTE | |
r-release-linux-x86_64 | 1.0.0 | 1.59 | 18.74 | 20.33 | NOTE | |
r-release-macos-arm64 | 1.0.0 | 22.00 | NOTE | |||
r-release-macos-x86_64 | 1.0.0 | 38.00 | NOTE | |||
r-release-windows-x86_64 | 1.0.0 | 4.00 | 48.00 | 52.00 | NOTE | |
r-oldrel-macos-arm64 | 1.0.0 | 20.00 | OK | |||
r-oldrel-macos-x86_64 | 1.0.0 | 32.00 | OK | |||
r-oldrel-windows-x86_64 | 1.0.0 | 3.00 | 50.00 | 53.00 | OK |
Version: 1.0.0
Check: Rd files
Result: NOTE
checkRd: (-1) n.Rd:46: Lost braces in \itemize; \value handles \item{}{} directly
checkRd: (-1) n.Rd:47-48: Lost braces in \itemize; \value handles \item{}{} directly
checkRd: (-1) n.Rd:49-50: Lost braces in \itemize; \value handles \item{}{} directly
Flavors: r-devel-linux-x86_64-debian-clang, r-devel-linux-x86_64-debian-gcc, r-devel-linux-x86_64-fedora-clang, r-devel-linux-x86_64-fedora-gcc, r-devel-macos-arm64, r-devel-macos-x86_64, r-devel-windows-x86_64, r-patched-linux-x86_64, r-release-linux-x86_64, r-release-macos-arm64, r-release-macos-x86_64, r-release-windows-x86_64
These binaries (installable software) and packages are in development.
They may not be fully stable and should be used with caution. We make no claims about them.