Last updated on 2025-04-16 00:49:45 CEST.
Flavor | Version | Tinstall | Tcheck | Ttotal | Status | Flags |
---|---|---|---|---|---|---|
r-devel-linux-x86_64-debian-clang | 1.0.1 | 17.22 | 30.96 | 48.18 | NOTE | |
r-devel-linux-x86_64-debian-gcc | 1.0.1 | 13.19 | 25.00 | 38.19 | NOTE | |
r-devel-linux-x86_64-fedora-clang | 1.0.1 | 87.34 | NOTE | |||
r-devel-linux-x86_64-fedora-gcc | 1.0.1 | 98.60 | NOTE | |||
r-devel-windows-x86_64 | 1.0.1 | 23.00 | 70.00 | 93.00 | NOTE | |
r-patched-linux-x86_64 | 1.0.1 | 18.17 | 31.45 | 49.62 | NOTE | |
r-release-linux-x86_64 | 1.0.1 | 16.16 | 31.48 | 47.64 | NOTE | |
r-release-macos-arm64 | 1.0.1 | 41.00 | NOTE | |||
r-release-macos-x86_64 | 1.0.1 | 71.00 | NOTE | |||
r-release-windows-x86_64 | 1.0.1 | 24.00 | 77.00 | 101.00 | NOTE | |
r-oldrel-macos-arm64 | 1.0.1 | 26.00 | NOTE | |||
r-oldrel-macos-x86_64 | 1.0.1 | 40.00 | NOTE | |||
r-oldrel-windows-x86_64 | 1.0.1 | 22.00 | 80.00 | 102.00 | NOTE |
Version: 1.0.1
Check: C++ specification
Result: NOTE
Specified C++11: please drop specification unless essential
Flavors: r-devel-linux-x86_64-debian-clang, r-devel-linux-x86_64-debian-gcc, r-devel-linux-x86_64-fedora-clang, r-devel-linux-x86_64-fedora-gcc, r-devel-windows-x86_64, r-patched-linux-x86_64, r-release-linux-x86_64, r-release-macos-arm64, r-release-macos-x86_64, r-release-windows-x86_64, r-oldrel-macos-arm64, r-oldrel-macos-x86_64, r-oldrel-windows-x86_64
These binaries (installable software) and packages are in development.
They may not be fully stable and should be used with caution. We make no claims about them.