Last updated on 2025-02-16 08:50:55 CET.
Flavor | Version | Tinstall | Tcheck | Ttotal | Status | Flags |
---|---|---|---|---|---|---|
r-devel-linux-x86_64-debian-clang | 1.0.1 | 17.15 | 31.01 | 48.16 | NOTE | |
r-devel-linux-x86_64-debian-gcc | 1.0.1 | 12.90 | 26.12 | 39.02 | NOTE | |
r-devel-linux-x86_64-fedora-clang | 1.0.1 | 92.61 | NOTE | |||
r-devel-linux-x86_64-fedora-gcc | 1.0.1 | 108.48 | NOTE | |||
r-devel-macos-arm64 | 1.0.1 | 36.00 | NOTE | |||
r-devel-macos-x86_64 | 1.0.1 | 69.00 | NOTE | |||
r-devel-windows-x86_64 | 1.0.1 | 23.00 | 69.00 | 92.00 | NOTE | |
r-patched-linux-x86_64 | 1.0.1 | 17.53 | 30.29 | 47.82 | NOTE | |
r-release-linux-x86_64 | 1.0.1 | 16.18 | 30.70 | 46.88 | NOTE | |
r-release-macos-arm64 | 1.0.1 | 26.00 | NOTE | |||
r-release-macos-x86_64 | 1.0.1 | 40.00 | NOTE | |||
r-release-windows-x86_64 | 1.0.1 | 24.00 | 77.00 | 101.00 | NOTE | |
r-oldrel-macos-arm64 | 1.0.1 | 36.00 | NOTE | |||
r-oldrel-macos-x86_64 | 1.0.1 | 64.00 | NOTE | |||
r-oldrel-windows-x86_64 | 1.0.1 | 22.00 | 78.00 | 100.00 | NOTE |
Version: 1.0.1
Check: C++ specification
Result: NOTE
Specified C++11: please drop specification unless essential
Flavors: r-devel-linux-x86_64-debian-clang, r-devel-linux-x86_64-debian-gcc, r-devel-linux-x86_64-fedora-clang, r-devel-linux-x86_64-fedora-gcc, r-devel-macos-arm64, r-devel-macos-x86_64, r-devel-windows-x86_64, r-patched-linux-x86_64, r-release-linux-x86_64, r-release-macos-arm64, r-release-macos-x86_64, r-release-windows-x86_64, r-oldrel-macos-arm64, r-oldrel-macos-x86_64, r-oldrel-windows-x86_64
These binaries (installable software) and packages are in development.
They may not be fully stable and should be used with caution. We make no claims about them.