Last updated on 2025-05-01 15:49:37 CEST.
Flavor | Version | Tinstall | Tcheck | Ttotal | Status | Flags |
---|---|---|---|---|---|---|
r-devel-linux-x86_64-debian-clang | 0.1.2 | 5.14 | 48.14 | 53.28 | NOTE | |
r-devel-linux-x86_64-debian-gcc | 0.1.2 | 3.84 | 36.13 | 39.97 | NOTE | |
r-devel-linux-x86_64-fedora-clang | 0.1.2 | 82.41 | OK | |||
r-devel-linux-x86_64-fedora-gcc | 0.1.2 | 89.80 | OK | |||
r-devel-windows-x86_64 | 0.1.2 | 7.00 | 67.00 | 74.00 | OK | |
r-patched-linux-x86_64 | 0.1.2 | 5.72 | 42.89 | 48.61 | OK | |
r-release-linux-x86_64 | OK | |||||
r-release-macos-arm64 | 0.1.2 | 40.00 | OK | |||
r-release-macos-x86_64 | 0.1.2 | 63.00 | OK | |||
r-release-windows-x86_64 | 0.1.2 | 7.00 | 72.00 | 79.00 | OK | |
r-oldrel-macos-arm64 | 0.1.2 | 31.00 | OK | |||
r-oldrel-macos-x86_64 | 0.1.2 | 49.00 | OK | |||
r-oldrel-windows-x86_64 | 0.1.2 | 7.00 | 75.00 | 82.00 | OK |
Version: 0.1.2
Check: CRAN incoming feasibility
Result: NOTE
Maintainer: ‘Phil Ferriere <pferriere@hotmail.com>’
Found the following (possibly) invalid file URI:
URI: ./CONDUCT.md
From: README.md
Flavors: r-devel-linux-x86_64-debian-clang, r-devel-linux-x86_64-debian-gcc
These binaries (installable software) and packages are in development.
They may not be fully stable and should be used with caution. We make no claims about them.