Last updated on 2025-11-12 19:51:55 CET.
| Flavor | Version | Tinstall | Tcheck | Ttotal | Status | Flags |
|---|---|---|---|---|---|---|
| r-devel-linux-x86_64-debian-clang | 0.1.2 | 5.48 | 50.02 | 55.50 | NOTE | |
| r-devel-linux-x86_64-debian-gcc | 0.1.2 | 3.86 | 36.23 | 40.09 | NOTE | |
| r-devel-linux-x86_64-fedora-clang | 0.1.2 | 13.00 | 71.21 | 84.21 | OK | |
| r-devel-linux-x86_64-fedora-gcc | 0.1.2 | 11.00 | 80.10 | 91.10 | OK | |
| r-devel-windows-x86_64 | 0.1.2 | 7.00 | 63.00 | 70.00 | OK | |
| r-patched-linux-x86_64 | 0.1.2 | 4.81 | 44.59 | 49.40 | OK | |
| r-release-linux-x86_64 | 0.1.2 | 4.12 | 44.80 | 48.92 | OK | |
| r-release-macos-arm64 | 0.1.2 | 3.00 | 37.00 | 40.00 | OK | |
| r-release-macos-x86_64 | 0.1.2 | 4.00 | 59.00 | 63.00 | OK | |
| r-release-windows-x86_64 | 0.1.2 | 7.00 | 66.00 | 73.00 | OK | |
| r-oldrel-macos-arm64 | 0.1.2 | 2.00 | 29.00 | 31.00 | OK | |
| r-oldrel-macos-x86_64 | 0.1.2 | 4.00 | 45.00 | 49.00 | OK | |
| r-oldrel-windows-x86_64 | 0.1.2 | 8.00 | 74.00 | 82.00 | OK |
Version: 0.1.2
Check: CRAN incoming feasibility
Result: NOTE
Maintainer: ‘Phil Ferriere <pferriere@hotmail.com>’
Found the following (possibly) invalid file URI:
URI: ./CONDUCT.md
From: README.md
Flavors: r-devel-linux-x86_64-debian-clang, r-devel-linux-x86_64-debian-gcc
These binaries (installable software) and packages are in development.
They may not be fully stable and should be used with caution. We make no claims about them.