Last updated on 2024-07-27 15:50:26 CEST.
Flavor | Version | Tinstall | Tcheck | Ttotal | Status | Flags |
---|---|---|---|---|---|---|
r-devel-linux-x86_64-debian-clang | 1.0.5 | 35.26 | 186.76 | 222.02 | OK | |
r-devel-linux-x86_64-debian-gcc | 1.0.5 | OK | ||||
r-devel-linux-x86_64-fedora-clang | 1.0.5 | 298.75 | OK | |||
r-devel-linux-x86_64-fedora-gcc | 1.0.5 | 318.81 | OK | |||
r-devel-windows-x86_64 | 1.0.5 | 31.00 | 43589.00 | 43620.00 | OK | |
r-patched-linux-x86_64 | 1.0.5 | OK | ||||
r-release-linux-x86_64 | 1.0.5 | 34.72 | 172.28 | 207.00 | OK | |
r-release-macos-arm64 | 1.0.5 | 71.00 | NOTE | |||
r-release-macos-x86_64 | 1.0.5 | 162.00 | NOTE | |||
r-release-windows-x86_64 | 1.0.5 | 34.00 | 180.00 | 214.00 | OK | |
r-oldrel-macos-arm64 | 1.0.5 | 82.00 | NOTE | |||
r-oldrel-macos-x86_64 | 1.0.5 | 146.00 | NOTE | |||
r-oldrel-windows-x86_64 | 1.0.5 | 28.00 | 206.00 | 234.00 | OK |
Version: 1.0.5
Check: installed package size
Result: NOTE
installed size is 6.5Mb
sub-directories of 1Mb or more:
libs 5.9Mb
Flavors: r-release-macos-arm64, r-release-macos-x86_64, r-oldrel-macos-arm64, r-oldrel-macos-x86_64
These binaries (installable software) and packages are in development.
They may not be fully stable and should be used with caution. We make no claims about them.