Last updated on 2025-02-23 07:52:01 CET.
Flavor | Version | Tinstall | Tcheck | Ttotal | Status | Flags |
---|---|---|---|---|---|---|
r-devel-linux-x86_64-debian-clang | 1.1.2 | 3.37 | 30.74 | 34.11 | OK | |
r-devel-linux-x86_64-debian-gcc | 1.1.2 | 2.30 | 23.59 | 25.89 | OK | |
r-devel-linux-x86_64-fedora-clang | 1.1.2 | 52.65 | OK | |||
r-devel-linux-x86_64-fedora-gcc | 1.1.2 | 49.98 | OK | |||
r-devel-macos-arm64 | 1.1.2 | 21.00 | OK | |||
r-devel-macos-x86_64 | 1.1.2 | 35.00 | OK | |||
r-devel-windows-x86_64 | 1.1.2 | 5.00 | 54.00 | 59.00 | OK | |
r-patched-linux-x86_64 | 1.1.2 | 3.70 | 28.80 | 32.50 | NOTE | |
r-release-linux-x86_64 | 1.1.2 | 3.15 | 28.95 | 32.10 | NOTE | |
r-release-macos-arm64 | 1.1.2 | 20.00 | NOTE | |||
r-release-macos-x86_64 | 1.1.2 | 29.00 | NOTE | |||
r-release-windows-x86_64 | 1.1.2 | 4.00 | 53.00 | 57.00 | NOTE | |
r-oldrel-macos-arm64 | 1.1.2 | 24.00 | NOTE | |||
r-oldrel-macos-x86_64 | 1.1.2 | 28.00 | NOTE | |||
r-oldrel-windows-x86_64 | 1.1.2 | 6.00 | 60.00 | 66.00 | NOTE |
Version: 1.1.2
Check: LazyData
Result: NOTE
'LazyData' is specified without a 'data' directory
Flavors: r-patched-linux-x86_64, r-release-linux-x86_64, r-release-macos-arm64, r-release-macos-x86_64, r-release-windows-x86_64, r-oldrel-macos-arm64, r-oldrel-macos-x86_64, r-oldrel-windows-x86_64
These binaries (installable software) and packages are in development.
They may not be fully stable and should be used with caution. We make no claims about them.