Last updated on 2025-05-01 12:49:34 CEST.
Flavor | Version | Tinstall | Tcheck | Ttotal | Status | Flags |
---|---|---|---|---|---|---|
r-devel-linux-x86_64-debian-clang | 0.1.0 | 2.34 | 42.92 | 45.26 | NOTE | |
r-devel-linux-x86_64-debian-gcc | 0.1.0 | 1.57 | 32.24 | 33.81 | NOTE | |
r-devel-linux-x86_64-fedora-clang | 0.1.0 | 67.64 | NOTE | |||
r-devel-linux-x86_64-fedora-gcc | 0.1.0 | 79.08 | NOTE | |||
r-devel-windows-x86_64 | 0.1.0 | 4.00 | 64.00 | 68.00 | OK | |
r-patched-linux-x86_64 | 0.1.0 | 2.22 | 39.78 | 42.00 | OK | |
r-release-linux-x86_64 | OK | |||||
r-release-macos-arm64 | 0.1.0 | 27.00 | OK | |||
r-release-macos-x86_64 | 0.1.0 | 53.00 | OK | |||
r-release-windows-x86_64 | 0.1.0 | 4.00 | 71.00 | 75.00 | OK | |
r-oldrel-macos-arm64 | 0.1.0 | 31.00 | OK | |||
r-oldrel-macos-x86_64 | 0.1.0 | 46.00 | OK | |||
r-oldrel-windows-x86_64 | 0.1.0 | 5.00 | 73.00 | 78.00 | OK |
Version: 0.1.0
Check: CRAN incoming feasibility
Result: NOTE
Maintainer: ‘Spencer Matthews <srmatthews98@gmail.com>’
The Description field contains
proposed by Matthews, S. and Hartman, B. (2021) <arXiv:2106.08990>.
Please refer to arXiv e-prints via their arXiv DOI <doi:10.48550/arXiv.YYMM.NNNNN>.
Flavors: r-devel-linux-x86_64-debian-clang, r-devel-linux-x86_64-debian-gcc
Version: 0.1.0
Check: dependencies in R code
Result: NOTE
Namespace in Imports field not imported from: ‘tidyselect’
All declared Imports should be used.
Flavors: r-devel-linux-x86_64-fedora-clang, r-devel-linux-x86_64-fedora-gcc
These binaries (installable software) and packages are in development.
They may not be fully stable and should be used with caution. We make no claims about them.