Last updated on 2025-02-16 08:50:55 CET.
Flavor | Version | Tinstall | Tcheck | Ttotal | Status | Flags |
---|---|---|---|---|---|---|
r-devel-linux-x86_64-debian-clang | 1.3.3 | 3.14 | 43.51 | 46.65 | OK | |
r-devel-linux-x86_64-debian-gcc | 1.3.3 | 2.21 | 31.21 | 33.42 | OK | |
r-devel-linux-x86_64-fedora-clang | 1.3.3 | 76.45 | OK | |||
r-devel-linux-x86_64-fedora-gcc | 1.3.3 | 82.86 | OK | |||
r-devel-macos-arm64 | 1.3.3 | 34.00 | OK | |||
r-devel-macos-x86_64 | 1.3.3 | 101.00 | OK | |||
r-devel-windows-x86_64 | 1.3.3 | 4.00 | 63.00 | 67.00 | OK | |
r-patched-linux-x86_64 | 1.3.3 | 3.21 | 39.87 | 43.08 | NOTE | |
r-release-linux-x86_64 | 1.3.3 | 2.70 | 39.93 | 42.63 | NOTE | |
r-release-macos-arm64 | 1.3.3 | 29.00 | NOTE | |||
r-release-macos-x86_64 | 1.3.3 | 57.00 | NOTE | |||
r-release-windows-x86_64 | 1.3.3 | 5.00 | 69.00 | 74.00 | NOTE | |
r-oldrel-macos-arm64 | 1.3.3 | 31.00 | NOTE | |||
r-oldrel-macos-x86_64 | 1.3.3 | 47.00 | NOTE | |||
r-oldrel-windows-x86_64 | 1.3.3 | 4.00 | 91.00 | 95.00 | NOTE |
Version: 1.3.3
Check: LazyData
Result: NOTE
'LazyData' is specified without a 'data' directory
Flavors: r-patched-linux-x86_64, r-release-linux-x86_64, r-release-macos-arm64, r-release-macos-x86_64, r-release-windows-x86_64, r-oldrel-macos-arm64, r-oldrel-macos-x86_64, r-oldrel-windows-x86_64
These binaries (installable software) and packages are in development.
They may not be fully stable and should be used with caution. We make no claims about them.