Last updated on 2024-07-27 15:50:26 CEST.
Flavor | Version | Tinstall | Tcheck | Ttotal | Status | Flags |
---|---|---|---|---|---|---|
r-devel-linux-x86_64-debian-clang | 1.0 | 13.84 | 87.19 | 101.03 | NOTE | |
r-devel-linux-x86_64-debian-gcc | 1.0 | NOTE | ||||
r-devel-linux-x86_64-fedora-clang | 1.0 | 118.84 | NOTE | |||
r-devel-linux-x86_64-fedora-gcc | 1.0 | 111.91 | NOTE | |||
r-devel-windows-x86_64 | 1.0 | 13.00 | 78.00 | 91.00 | OK | |
r-patched-linux-x86_64 | 1.0 | NOTE | ||||
r-release-linux-x86_64 | 1.0 | 7.68 | 79.90 | 87.58 | NOTE | |
r-release-macos-arm64 | 1.0 | 41.00 | OK | |||
r-release-macos-x86_64 | 1.0 | 60.00 | OK | |||
r-release-windows-x86_64 | 1.0 | 11.00 | 77.00 | 88.00 | OK | |
r-oldrel-macos-arm64 | 1.0 | 121.00 | OK | |||
r-oldrel-macos-x86_64 | 1.0 | 59.00 | OK | |||
r-oldrel-windows-x86_64 | 1.0 | 16.00 | 96.00 | 112.00 | OK |
Version: 1.0
Check: for non-standard things in the check directory
Result: NOTE
Found the following files/directories:
‘Acceleration.pdf’ ‘File1.pdf’ ‘Forecast.pdf’ ‘Series.pdf’
‘Velocity.pdf’
Flavors: r-devel-linux-x86_64-debian-clang, r-devel-linux-x86_64-debian-gcc, r-devel-linux-x86_64-fedora-clang, r-devel-linux-x86_64-fedora-gcc, r-patched-linux-x86_64, r-release-linux-x86_64
These binaries (installable software) and packages are in development.
They may not be fully stable and should be used with caution. We make no claims about them.