Last updated on 2025-05-01 15:49:37 CEST.
Flavor | Version | Tinstall | Tcheck | Ttotal | Status | Flags |
---|---|---|---|---|---|---|
r-devel-linux-x86_64-debian-clang | 1.0 | 11.78 | 73.93 | 85.71 | NOTE | |
r-devel-linux-x86_64-debian-gcc | 1.0 | 6.89 | 52.17 | 59.06 | NOTE | |
r-devel-linux-x86_64-fedora-clang | 1.0 | 123.47 | NOTE | |||
r-devel-linux-x86_64-fedora-gcc | 1.0 | 119.19 | NOTE | |||
r-devel-windows-x86_64 | 1.0 | 12.00 | 84.00 | 96.00 | OK | |
r-patched-linux-x86_64 | 1.0 | 9.97 | 69.61 | 79.58 | NOTE | |
r-release-linux-x86_64 | NOTE | |||||
r-release-macos-arm64 | 1.0 | 33.00 | OK | |||
r-release-macos-x86_64 | 1.0 | 84.00 | OK | |||
r-release-windows-x86_64 | 1.0 | 13.00 | 88.00 | 101.00 | OK | |
r-oldrel-macos-arm64 | 1.0 | 41.00 | OK | |||
r-oldrel-macos-x86_64 | 1.0 | 60.00 | OK | |||
r-oldrel-windows-x86_64 | 1.0 | 16.00 | 100.00 | 116.00 | OK |
Version: 1.0
Check: CRAN incoming feasibility
Result: NOTE
Maintainer: ‘Phil J Watson <philwatson.slr@gmail.com>’
No Authors@R field in DESCRIPTION.
Please add one, modifying
Authors@R: person(given = c("Phil", "J"),
family = "Watson",
role = c("aut", "cre"),
email = "philwatson.slr@gmail.com")
as necessary.
Flavors: r-devel-linux-x86_64-debian-clang, r-devel-linux-x86_64-debian-gcc
Version: 1.0
Check: for non-standard things in the check directory
Result: NOTE
Found the following files/directories:
‘Acceleration.pdf’ ‘File1.pdf’ ‘Forecast.pdf’ ‘Series.pdf’
‘Velocity.pdf’
Flavors: r-devel-linux-x86_64-debian-clang, r-devel-linux-x86_64-debian-gcc, r-devel-linux-x86_64-fedora-clang, r-devel-linux-x86_64-fedora-gcc, r-patched-linux-x86_64, r-release-linux-x86_64
These binaries (installable software) and packages are in development.
They may not be fully stable and should be used with caution. We make no claims about them.