CRAN Package Check Results for Package msme

Last updated on 2025-05-01 14:49:15 CEST.

Flavor Version Tinstall Tcheck Ttotal Status Flags
r-devel-linux-x86_64-debian-clang 0.5.3 2.86 44.45 47.31 NOTE
r-devel-linux-x86_64-debian-gcc 0.5.4 2.11 33.68 35.79 OK
r-devel-linux-x86_64-fedora-clang 0.5.4 78.18 OK
r-devel-linux-x86_64-fedora-gcc 0.5.4 75.35 OK
r-devel-windows-x86_64 0.5.4 8.00 79.00 87.00 OK
r-patched-linux-x86_64 0.5.4 3.47 42.88 46.35 OK
r-release-linux-x86_64 OK
r-release-macos-arm64 0.5.4 46.00 OK
r-release-macos-x86_64 0.5.4 64.00 OK
r-release-windows-x86_64 0.5.4 7.00 85.00 92.00 OK
r-oldrel-macos-arm64 0.5.4 42.00 OK
r-oldrel-macos-x86_64 0.5.4 59.00 OK
r-oldrel-windows-x86_64 0.5.3 5.00 90.00 95.00 NOTE

Check Details

Version: 0.5.3
Check: CRAN incoming feasibility
Result: NOTE Maintainer: ‘Andrew Robinson <apro@unimelb.edu.au>’ No Authors@R field in DESCRIPTION. Please add one, modifying Authors@R: c(person(given = "Joseph", family = "Hilbe", role = "aut"), person(given = "Andrew", family = "Robinson", role = c("aut", "cre"), email = "apro@unimelb.edu.au")) as necessary. Flavor: r-devel-linux-x86_64-debian-clang

Version: 0.5.3
Check: Rd files
Result: NOTE checkRd: (-1) ml_g.Rd:47: Escaped LaTeX specials: \& Flavors: r-devel-linux-x86_64-debian-clang, r-oldrel-windows-x86_64

Version: 0.5.3
Check: Rd cross-references
Result: NOTE Found the following Rd file(s) with Rd \link{} targets missing package anchors: P__disp.Rd: glm.nb Please provide package anchors for all Rd \link{} targets not in the package itself and the base packages. Flavor: r-devel-linux-x86_64-debian-clang

These binaries (installable software) and packages are in development.
They may not be fully stable and should be used with caution. We make no claims about them.