Last updated on 2025-10-23 11:50:20 CEST.
Flavor | Version | Tinstall | Tcheck | Ttotal | Status | Flags |
---|---|---|---|---|---|---|
r-devel-linux-x86_64-debian-clang | 0.3.3 | 15.13 | 174.42 | 189.55 | NOTE | |
r-devel-linux-x86_64-debian-gcc | 0.3.3 | 8.95 | 117.09 | 126.04 | OK | |
r-devel-linux-x86_64-fedora-clang | 0.3.3 | 52.00 | 241.76 | 293.76 | OK | |
r-devel-linux-x86_64-fedora-gcc | 0.3.3 | 95.00 | 206.72 | 301.72 | OK | |
r-devel-windows-x86_64 | 0.3.3 | 18.00 | 173.00 | 191.00 | OK | |
r-patched-linux-x86_64 | 0.3.3 | 15.15 | 159.62 | 174.77 | OK | |
r-release-linux-x86_64 | 0.3.3 | 13.79 | 158.59 | 172.38 | OK | |
r-release-macos-arm64 | 0.3.3 | 8.00 | 77.00 | 85.00 | OK | |
r-release-macos-x86_64 | 0.3.3 | 15.00 | 158.00 | 173.00 | OK | |
r-release-windows-x86_64 | 0.3.3 | 17.00 | 172.00 | 189.00 | OK | |
r-oldrel-macos-arm64 | 0.3.3 | 9.00 | 85.00 | 94.00 | OK | |
r-oldrel-macos-x86_64 | 0.3.3 | 18.00 | 189.00 | 207.00 | OK | |
r-oldrel-windows-x86_64 | 0.3.3 | 22.00 | 208.00 | 230.00 | OK |
Version: 0.3.3
Check: HTML version of manual
Result: NOTE
Found the following HTML validation problems:
msdata2etm.html:55:1 (msdata2etm.Rd:15): Warning: missing </ul> before </div>
summary.Cuminc.html:51:1 (summary.Cuminc.Rd:12): Warning: missing </ul> before </div>
trans2tra.html:46:1 (trans2tra.Rd:10): Warning: missing </ul> before </div>
Flavor: r-devel-linux-x86_64-debian-clang
These binaries (installable software) and packages are in development.
They may not be fully stable and should be used with caution. We make no claims about them.