CRAN Package Check Results for Package mtlgmm

Last updated on 2025-07-22 13:49:18 CEST.

Flavor Version Tinstall Tcheck Ttotal Status Flags
r-devel-linux-x86_64-debian-clang 0.1.0 15.63 134.09 149.72 NOTE
r-devel-linux-x86_64-debian-gcc 0.1.0 11.00 92.06 103.06 NOTE
r-devel-linux-x86_64-fedora-clang 0.1.0 242.84 OK
r-devel-linux-x86_64-fedora-gcc 0.1.0 217.97 OK
r-devel-windows-x86_64 0.1.0 16.00 130.00 146.00 OK
r-patched-linux-x86_64 0.1.0 16.74 123.84 140.58 OK
r-release-linux-x86_64 0.1.0 14.16 121.66 135.82 OK
r-release-macos-arm64 0.1.0 59.00 OK
r-release-macos-x86_64 0.1.0 112.00 OK
r-release-windows-x86_64 0.1.0 16.00 135.00 151.00 OK
r-oldrel-macos-arm64 0.1.0 58.00 OK
r-oldrel-macos-x86_64 0.1.0 82.00 OK
r-oldrel-windows-x86_64 0.1.0 22.00 174.00 196.00 OK

Check Details

Version: 0.1.0
Check: CRAN incoming feasibility
Result: NOTE Maintainer: ‘Ye Tian <ye.t@columbia.edu>’ The Description field contains Y., Weng, H., & Feng, Y. (2022) <arXiv:2209.15224>. Please refer to arXiv e-prints via their arXiv DOI <doi:10.48550/arXiv.YYMM.NNNNN>. Flavors: r-devel-linux-x86_64-debian-clang, r-devel-linux-x86_64-debian-gcc

These binaries (installable software) and packages are in development.
They may not be fully stable and should be used with caution. We make no claims about them.