Last updated on 2025-02-19 06:50:54 CET.
Flavor | Version | Tinstall | Tcheck | Ttotal | Status | Flags |
---|---|---|---|---|---|---|
r-devel-linux-x86_64-debian-clang | 1.0.2 | 3.84 | 154.60 | 158.44 | NOTE | |
r-devel-linux-x86_64-debian-gcc | 1.0.2 | 2.75 | 108.02 | 110.77 | NOTE | |
r-devel-linux-x86_64-fedora-clang | 1.0.2 | 268.54 | NOTE | |||
r-devel-linux-x86_64-fedora-gcc | 1.0.2 | 251.50 | NOTE | |||
r-devel-macos-arm64 | 1.0.2 | 71.00 | OK | |||
r-devel-macos-x86_64 | 1.0.2 | 164.00 | OK | |||
r-devel-windows-x86_64 | 1.0.2 | 5.00 | 161.00 | 166.00 | NOTE | |
r-patched-linux-x86_64 | 1.0.2 | 4.28 | 144.88 | 149.16 | OK | |
r-release-linux-x86_64 | 1.0.2 | 3.73 | 145.57 | 149.30 | OK | |
r-release-macos-arm64 | 1.0.2 | 74.00 | OK | |||
r-release-macos-x86_64 | 1.0.2 | 204.00 | OK | |||
r-release-windows-x86_64 | 1.0.2 | 5.00 | 163.00 | 168.00 | OK | |
r-oldrel-macos-arm64 | 1.0.2 | 71.00 | OK | |||
r-oldrel-macos-x86_64 | 1.0.2 | 133.00 | OK | |||
r-oldrel-windows-x86_64 | 1.0.2 | 6.00 | 192.00 | 198.00 | OK |
Version: 1.0.2
Check: DESCRIPTION meta-information
Result: NOTE
Missing dependency on R >= 4.2.0 because package code uses the pipe
placeholder syntax added in R 4.2.0.
File(s) using such syntax:
‘mtscr_score.R’
Flavors: r-devel-linux-x86_64-debian-clang, r-devel-linux-x86_64-debian-gcc, r-devel-linux-x86_64-fedora-clang, r-devel-linux-x86_64-fedora-gcc, r-devel-windows-x86_64
These binaries (installable software) and packages are in development.
They may not be fully stable and should be used with caution. We make no claims about them.