Last updated on 2025-05-01 12:49:34 CEST.
Flavor | Version | Tinstall | Tcheck | Ttotal | Status | Flags |
---|---|---|---|---|---|---|
r-devel-linux-x86_64-debian-clang | 1.0.2 | 4.18 | 156.46 | 160.64 | NOTE | |
r-devel-linux-x86_64-debian-gcc | 1.0.2 | 2.80 | 108.68 | 111.48 | NOTE | |
r-devel-linux-x86_64-fedora-clang | 1.0.2 | 293.39 | NOTE | |||
r-devel-linux-x86_64-fedora-gcc | 1.0.2 | 270.04 | NOTE | |||
r-devel-windows-x86_64 | 1.0.2 | 5.00 | 175.00 | 180.00 | NOTE | |
r-patched-linux-x86_64 | 1.0.2 | 4.06 | 144.66 | 148.72 | NOTE | |
r-release-linux-x86_64 | NOTE | |||||
r-release-macos-arm64 | 1.0.2 | 70.00 | NOTE | |||
r-release-macos-x86_64 | 1.0.2 | 164.00 | OK | |||
r-release-windows-x86_64 | 1.0.2 | 5.00 | 177.00 | 182.00 | NOTE | |
r-oldrel-macos-arm64 | 1.0.2 | 74.00 | OK | |||
r-oldrel-macos-x86_64 | 1.0.2 | 204.00 | OK | |||
r-oldrel-windows-x86_64 | 1.0.2 | 7.00 | 210.00 | 217.00 | OK |
Version: 1.0.2
Check: DESCRIPTION meta-information
Result: NOTE
Author field differs from that derived from Authors@R
Author: ‘Jakub Jędrusiak [aut, cre, cph] (<https://orcid.org/0000-0002-6481-8210>, University of Wrocław), Boris Forthmann [aut, rev] (<https://orcid.org/0000-0001-9755-7304>, University of Münster), Roger E. Beaty [aut] (<https://orcid.org/0000-0001-6114-5973>, Pennsylvania State University), Maciej Karwowski [aut] (<https://orcid.org/0000-0001-6974-1673>, University of Wrocław)’
Authors@R: ‘Jakub Jędrusiak [aut, cre, cph] (ORCID: <https://orcid.org/0000-0002-6481-8210>, affiliation: University of Wrocław), Boris Forthmann [aut, rev] (ORCID: <https://orcid.org/0000-0001-9755-7304>, affiliation: University of Münster), Roger E. Beaty [aut] (ORCID: <https://orcid.org/0000-0001-6114-5973>, affiliation: Pennsylvania State University), Maciej Karwowski [aut] (ORCID: <https://orcid.org/0000-0001-6974-1673>, affiliation: University of Wrocław)’
Missing dependency on R >= 4.2.0 because package code uses the pipe
placeholder syntax added in R 4.2.0.
File(s) using such syntax:
‘mtscr_score.R’
Flavors: r-devel-linux-x86_64-debian-clang, r-devel-linux-x86_64-debian-gcc
Version: 1.0.2
Check: examples
Result: NOTE
Examples with CPU (user + system) or elapsed time > 5s
user system elapsed
mtscr_score 10.855 0.028 12.413
mtscr_model_summary 8.202 0.122 9.435
mtscr_model 6.410 0.344 7.694
Flavor: r-devel-linux-x86_64-debian-clang
Version: 1.0.2
Check: examples
Result: NA
user system elapsed
mtscr_score 7.346 0.051 9.240
mtscr_model_summary 5.496 0.040 6.738
mtscr_model 4.325 0.322 6.107
OK
Flavor: r-devel-linux-x86_64-debian-gcc
Version: 1.0.2
Check: DESCRIPTION meta-information
Result: NOTE
Missing dependency on R >= 4.2.0 because package code uses the pipe
placeholder syntax added in R 4.2.0.
File(s) using such syntax:
‘mtscr_score.R’
Flavors: r-devel-linux-x86_64-fedora-clang, r-devel-linux-x86_64-fedora-gcc, r-devel-windows-x86_64, r-patched-linux-x86_64, r-release-linux-x86_64, r-release-macos-arm64, r-release-windows-x86_64
These binaries (installable software) and packages are in development.
They may not be fully stable and should be used with caution. We make no claims about them.