Last updated on 2025-11-11 15:50:40 CET.
| Flavor | Version | Tinstall | Tcheck | Ttotal | Status | Flags |
|---|---|---|---|---|---|---|
| r-devel-linux-x86_64-debian-clang | 1.1.21 | 15.66 | 122.01 | 137.67 | NOTE | |
| r-devel-linux-x86_64-debian-gcc | 1.1.21 | 11.55 | 83.40 | 94.95 | NOTE | |
| r-devel-linux-x86_64-fedora-clang | 1.1.21 | 38.00 | 176.72 | 214.72 | NOTE | |
| r-devel-linux-x86_64-fedora-gcc | 1.1.21 | 36.00 | 167.42 | 203.42 | NOTE | |
| r-devel-windows-x86_64 | 1.1.21 | 17.00 | 114.00 | 131.00 | NOTE | |
| r-patched-linux-x86_64 | 1.1.21 | 16.97 | 115.45 | 132.42 | NOTE | |
| r-release-linux-x86_64 | 1.1.21 | 15.64 | 114.35 | 129.99 | NOTE | |
| r-release-macos-arm64 | 1.1.21 | 6.00 | 39.00 | 45.00 | NOTE | |
| r-release-macos-x86_64 | 1.1.21 | 18.00 | 89.00 | 107.00 | NOTE | |
| r-release-windows-x86_64 | 1.1.21 | 18.00 | 112.00 | 130.00 | NOTE | |
| r-oldrel-macos-arm64 | 1.1.21 | 7.00 | 44.00 | 51.00 | NOTE | |
| r-oldrel-macos-x86_64 | 1.1.21 | 10.00 | 62.00 | 72.00 | NOTE | |
| r-oldrel-windows-x86_64 | 1.1.21 | 27.00 | 151.00 | 178.00 | NOTE |
Version: 1.1.21
Check: Rd files
Result: NOTE
checkRd: (-1) coef.mdf.Rd:17: Lost braces; missing escapes or markup?
17 | \item{type}{: Argument that controls the type of parameters to be returned. If \code{type="persons"} (default), a vector with the person parameters is returned. When \code{type="items"} then a vector with the item ranks obtained by the MUDFOLD item selection algorithm is returned. If {type="all"} then a list with both person and item coefficients is returned to the user.
| ^
Flavors: r-devel-linux-x86_64-debian-clang, r-devel-linux-x86_64-debian-gcc, r-devel-linux-x86_64-fedora-clang, r-devel-linux-x86_64-fedora-gcc, r-devel-windows-x86_64, r-patched-linux-x86_64, r-release-linux-x86_64, r-release-macos-arm64, r-release-macos-x86_64, r-release-windows-x86_64, r-oldrel-macos-arm64, r-oldrel-macos-x86_64, r-oldrel-windows-x86_64
These binaries (installable software) and packages are in development.
They may not be fully stable and should be used with caution. We make no claims about them.